{"id":112908,"date":"2024-08-27T09:13:39","date_gmt":"2024-08-27T07:13:39","guid":{"rendered":"https:\/\/gitesdewallonie.be\/blog\/room\/chambre-1-7\/"},"modified":"2024-08-27T09:13:39","modified_gmt":"2024-08-27T07:13:39","slug":"chambre-1-7","status":"publish","type":"room","link":"https:\/\/gitesdewallonie.be\/en\/blog\/room\/chambre-1-7\/","title":{"rendered":"Chambre 1"},"content":{"rendered":"","protected":false},"featured_media":0,"template":"","meta":{"lodging_pk":"3109","room_uid":"ce8df3699559476e99e6e84601a15eb2","room_pk":"2552","room_description_fr":"<p>Ferme r\u00e9nov\u00e9e orient\u00e9e culture.\r\nId\u00e9ales pour les couples ou en famille.\r\nChambre accueillante et en toute simplicit\u00e9. Un m\u00e9lange harmonieux de style contemporain tout en respectant l'esprit des lieux.<\/p><p>Nous sommes situ\u00e9 \u00e0 7 km de la ville de Mons et \u00e0 8 km de la ville de Binche. Situation id\u00e9ale pour visiter Mons capital culturelle 2015 et le folklore de Binche. Profitez \u00e9galement des balades dans notre campagne.\r\nUn petit d\u00e9jeuner gourmand sous forme de buffet est offert avec la chambre, flexibilit\u00e9 pour l'heure du service.\r\nAcc\u00e8s facile en voiture et en transport en commun. Possibilit\u00e9 de s\u00e9curiser les v\u00e9los. Parking ais\u00e9 dans la cour de la ferme.\r\nAvis aux allergiques, c'est une ferme et pr\u00e9sence dans la maison de chien et chats.\r\nLes chambres sont orient\u00e9es c\u00f4t\u00e9s rue, pav\u00e9e et peu fr\u00e9quent\u00e9e mais le bruit des voitures peu d\u00e9ranger. L'acc\u00e8s aux chambres se fait par un ancien escalier, assez raide.\r\nProduits d'accueil dans la chambre ainsi que la salle de bain\r\nLe nom provient d\u2019une part du lieu dit \"La barri\u00e8re\" o\u00f9 l\u2019on raconte qu\u2019\u00e0 l\u2019\u00e9poque des diligences, il y avait une barri\u00e8re avec un droit de passage pour aller d\u2019une ville \u00e0 l\u2019autre. D\u2019autre part, Alezane, la couleur de la robe de nos chevaux, les Haflinger.\r\nFamille passionn\u00e9e par cette race depuis de nombreux ann\u00e9es, nous nous rendons chaque ann\u00e9e en Autriche, dans le berceau de la race afin de suivre leur \u00e9volution et rencontrer d\u2019autre passionn\u00e9s. C\u2019est en logeant chez l\u2019habitant dans les petits villages autrichiens que nous est venu l\u2019id\u00e9e des chambres.<\/p>","room_description_nl":"<p>Gerenoveerde boerderij met zicht op de akkers.\r\nIdeaal voor koppels of gezinnen.\r\nGastvrije en eenvoudige kamer. Een harmonieuze mix van hedendaagse stijl met het nodige respect voor de originele sfeer van de plaats.<\/p><p>Wij zijn gesitueerd op 7 km van de stad Bergen en op 8 km van de stad Binche. De ideale locatie om de sfeer van de culturele hoofdstad van Europa van 2015 op te snuiven of ondergedompeld te worden de folklore van Binche. U kunt ook genieten van talrijke wandelingen in onze omgeving.\r\nWe voorzien een gastronomisch ontbijtbuffet, geserveerd tijdens flexibele uren.\r\nGemakkelijke te bereiken met de auto en het openbaar vervoer. Mogelijkheid om fietsen veilig te stallen. Gemakkelijk parkeren op het erf van de boerderij.\r\nBelangrijk voor mensen met allergie\u00ebn: op deze boerderij zijn honden- en katten aanwezig.\r\nDe kamers zijn gelegen aan de straatkant. De straat is geplaveid en niet druk, maar het lawaai van de auto's kan storend zijn. De toegang tot de kamers is via een oude, vrij steile trap.\r\nEr zijn producten aanwezig om u te verwelkomen in de slaapkamer en de badkamer\r\nDe naam is afgeleid van \"La barri\u00e8re\". Ten tijde van de postkoetsen was er vroeger een barri\u00e8re om van de ene stad naar de andere te gaan, waar men rechten moest betalen. Ook opvallend is de roodbruine kleur van de vacht van onze paarden, de Haflingers. Onze familie is al jarenlang gepassioneerd door dit paardenras. Elk jaar trekken we aar Oostenrijk, waar de wieg staat van de Haflingers. We volgen hun evolutie en ontmoeten er andere liefhebbers. De idee om met gastenkamers te starten, kwam bij ons op toen we bij de inwoners van deze kleine Oostenrijkse dorpjes logeerden.<\/p>","room_description_en":"<p>This renovated farmhouse is full of culture and ideal for couples and families. \r\nThe bedroom is welcoming and simple with a mix of the original styling of the house and modern improvements.<\/p><p>We are based 7 km from Mons and 8 km from Binche. Mons was the capital city of culture in 2015 and Binche is well known for its folklore. The surrounding countryside is great for walking.\r\nWe provide a generous buffet breakfast with the bedroom with flexible opening hours.\r\nYou can get here easily by public transport and by car. The farm courtyard has lots of car parking space. For those with allergies, there is a farm and there are cats and a dog in the house. \r\nThe bedrooms are on the paved road side which is very quiet but you may hear a car pass from time to time. You can get to the bedrooms by an old staircase which may be tricky for some guests. The bedroom has a welcome pack with a bathroom. The name of the place comes from the original place name \u201cLa Barri\u00e8re\u201d (the barrier) where there was a village toll back in the horse and coach travel era. Also, the light horses known as the Haflinger are breeded here by our family. We go every year to the original place of birth of this horse race in Austria to follow the latest trends and meet other breeders. Thanks to a previous stay in a B&B owned by breeders in a village in Austria, we came up with the idea of opening up our place to tourism.<\/p>","room_min_capacity":"2","room_max_capacity":"2","room_number_of_bathrooms":"1","room_number_of_levels":"2","room_floor":"FirstFloor","room_size":"2Double","room_description":"","room_surface_area":"","room_video":"","lodging_min_night":"1","lodging_elloha_offer_id":"","lodging_percent":"{\"rates\":{\"2026\":100},\"general\":100,\"equipments\":100,\"medias\":30,\"total\":83}"},"lodging_external_equipment":[9056],"lodging_household_appliances":[8891],"lodging_interior_equipment":[9042,8877,8879,9035,8880,8881],"lodging_sport_and_leisure":[],"lodging_type_of_stay":[],"lodging_adapted_to":[],"lodging_wellness":[9085],"lodging_baby":[8904,8906],"lodging_car_motorcycle_bike":[],"lodging_status":[167],"lodging_other_informations":[],"room_host_table":[],"class_list":["post-112908","room","type-room","status-publish","hentry","lodging_external_equipment-cour","lodging_household_appliances-refrigerateur","lodging_interior_equipment-articles-de-toilette-gratuits","lodging_interior_equipment-penderie","lodging_interior_equipment-seche-cheveux","lodging_interior_equipment-serviettes-de-toilette","lodging_interior_equipment-television","lodging_interior_equipment-wi-fi","lodging_wellness-douche-hydromassante","lodging_baby-chaise-pour-enfant","lodging_baby-lit-bebe","lodging_status-published"],"yoast_head":"<!-- This site is optimized with the Yoast SEO Premium plugin v26.7 (Yoast SEO v26.7) - https:\/\/yoast.com\/wordpress\/plugins\/seo\/ -->\n<title>Chambre 1 - gitesdewallonie.be<\/title>\n<meta name=\"robots\" content=\"noindex, follow\" \/>\n<meta property=\"og:locale\" content=\"en_US\" \/>\n<meta property=\"og:type\" content=\"article\" \/>\n<meta property=\"og:title\" content=\"Chambre 1\" \/>\n<meta property=\"og:url\" content=\"https:\/\/gitesdewallonie.be\/en\/blog\/room\/chambre-1-7\/\" \/>\n<meta property=\"og:site_name\" content=\"gitesdewallonie.be\" \/>\n<meta property=\"article:publisher\" content=\"https:\/\/www.facebook.com\/GitesdeWallonie\" \/>\n<meta name=\"twitter:card\" content=\"summary_large_image\" \/>\n<script type=\"application\/ld+json\" class=\"yoast-schema-graph\">{\"@context\":\"https:\/\/schema.org\",\"@graph\":[{\"@type\":\"WebPage\",\"@id\":\"https:\/\/gitesdewallonie.be\/en\/blog\/room\/chambre-1-7\/\",\"url\":\"https:\/\/gitesdewallonie.be\/en\/blog\/room\/chambre-1-7\/\",\"name\":\"Chambre 1 - gitesdewallonie.be\",\"isPartOf\":{\"@id\":\"https:\/\/gitesdewallonie.be\/en\/#website\"},\"datePublished\":\"2024-08-27T07:13:39+00:00\",\"breadcrumb\":{\"@id\":\"https:\/\/gitesdewallonie.be\/en\/blog\/room\/chambre-1-7\/#breadcrumb\"},\"inLanguage\":\"en-US\",\"potentialAction\":[{\"@type\":\"ReadAction\",\"target\":[\"https:\/\/gitesdewallonie.be\/en\/blog\/room\/chambre-1-7\/\"]}]},{\"@type\":\"BreadcrumbList\",\"@id\":\"https:\/\/gitesdewallonie.be\/en\/blog\/room\/chambre-1-7\/#breadcrumb\",\"itemListElement\":[{\"@type\":\"ListItem\",\"position\":1,\"name\":\"Accueil\",\"item\":\"https:\/\/gitesdewallonie.be\/en\/\"},{\"@type\":\"ListItem\",\"position\":2,\"name\":\"Chambre 1\"}]},{\"@type\":\"WebSite\",\"@id\":\"https:\/\/gitesdewallonie.be\/en\/#website\",\"url\":\"https:\/\/gitesdewallonie.be\/en\/\",\"name\":\"F\u00e9d\u00e9ration des G\u00eetes et Chambres d'h\u00f4tes de Wallonie\",\"description\":\"\",\"publisher\":{\"@id\":\"https:\/\/gitesdewallonie.be\/en\/#organization\"},\"potentialAction\":[{\"@type\":\"SearchAction\",\"target\":{\"@type\":\"EntryPoint\",\"urlTemplate\":\"https:\/\/gitesdewallonie.be\/en\/?s={search_term_string}\"},\"query-input\":{\"@type\":\"PropertyValueSpecification\",\"valueRequired\":true,\"valueName\":\"search_term_string\"}}],\"inLanguage\":\"en-US\"},{\"@type\":\"Organization\",\"@id\":\"https:\/\/gitesdewallonie.be\/en\/#organization\",\"name\":\"F\u00e9d\u00e9ration des G\u00eetes et Chambres d'h\u00f4tes de Wallonie\",\"alternateName\":\"GDW\",\"url\":\"https:\/\/gitesdewallonie.be\/en\/\",\"logo\":{\"@type\":\"ImageObject\",\"inLanguage\":\"en-US\",\"@id\":\"https:\/\/gitesdewallonie.be\/en\/#\/schema\/logo\/image\/\",\"url\":\"https:\/\/gitesdewallonie.be\/wp-content\/uploads\/2024\/08\/logo-gdw.svg\",\"contentUrl\":\"https:\/\/gitesdewallonie.be\/wp-content\/uploads\/2024\/08\/logo-gdw.svg\",\"caption\":\"F\u00e9d\u00e9ration des G\u00eetes et Chambres d'h\u00f4tes de Wallonie\"},\"image\":{\"@id\":\"https:\/\/gitesdewallonie.be\/en\/#\/schema\/logo\/image\/\"},\"sameAs\":[\"https:\/\/www.facebook.com\/GitesdeWallonie\",\"https:\/\/www.instagram.com\/gitesdewallonie.be\/\"]}]}<\/script>\n<!-- \/ Yoast SEO Premium plugin. -->","yoast_head_json":{"title":"Chambre 1 - gitesdewallonie.be","robots":{"index":"noindex","follow":"follow"},"og_locale":"en_US","og_type":"article","og_title":"Chambre 1","og_url":"https:\/\/gitesdewallonie.be\/en\/blog\/room\/chambre-1-7\/","og_site_name":"gitesdewallonie.be","article_publisher":"https:\/\/www.facebook.com\/GitesdeWallonie","twitter_card":"summary_large_image","schema":{"@context":"https:\/\/schema.org","@graph":[{"@type":"WebPage","@id":"https:\/\/gitesdewallonie.be\/en\/blog\/room\/chambre-1-7\/","url":"https:\/\/gitesdewallonie.be\/en\/blog\/room\/chambre-1-7\/","name":"Chambre 1 - gitesdewallonie.be","isPartOf":{"@id":"https:\/\/gitesdewallonie.be\/en\/#website"},"datePublished":"2024-08-27T07:13:39+00:00","breadcrumb":{"@id":"https:\/\/gitesdewallonie.be\/en\/blog\/room\/chambre-1-7\/#breadcrumb"},"inLanguage":"en-US","potentialAction":[{"@type":"ReadAction","target":["https:\/\/gitesdewallonie.be\/en\/blog\/room\/chambre-1-7\/"]}]},{"@type":"BreadcrumbList","@id":"https:\/\/gitesdewallonie.be\/en\/blog\/room\/chambre-1-7\/#breadcrumb","itemListElement":[{"@type":"ListItem","position":1,"name":"Accueil","item":"https:\/\/gitesdewallonie.be\/en\/"},{"@type":"ListItem","position":2,"name":"Chambre 1"}]},{"@type":"WebSite","@id":"https:\/\/gitesdewallonie.be\/en\/#website","url":"https:\/\/gitesdewallonie.be\/en\/","name":"F\u00e9d\u00e9ration des G\u00eetes et Chambres d'h\u00f4tes de Wallonie","description":"","publisher":{"@id":"https:\/\/gitesdewallonie.be\/en\/#organization"},"potentialAction":[{"@type":"SearchAction","target":{"@type":"EntryPoint","urlTemplate":"https:\/\/gitesdewallonie.be\/en\/?s={search_term_string}"},"query-input":{"@type":"PropertyValueSpecification","valueRequired":true,"valueName":"search_term_string"}}],"inLanguage":"en-US"},{"@type":"Organization","@id":"https:\/\/gitesdewallonie.be\/en\/#organization","name":"F\u00e9d\u00e9ration des G\u00eetes et Chambres d'h\u00f4tes de Wallonie","alternateName":"GDW","url":"https:\/\/gitesdewallonie.be\/en\/","logo":{"@type":"ImageObject","inLanguage":"en-US","@id":"https:\/\/gitesdewallonie.be\/en\/#\/schema\/logo\/image\/","url":"https:\/\/gitesdewallonie.be\/wp-content\/uploads\/2024\/08\/logo-gdw.svg","contentUrl":"https:\/\/gitesdewallonie.be\/wp-content\/uploads\/2024\/08\/logo-gdw.svg","caption":"F\u00e9d\u00e9ration des G\u00eetes et Chambres d'h\u00f4tes de Wallonie"},"image":{"@id":"https:\/\/gitesdewallonie.be\/en\/#\/schema\/logo\/image\/"},"sameAs":["https:\/\/www.facebook.com\/GitesdeWallonie","https:\/\/www.instagram.com\/gitesdewallonie.be\/"]}]}},"_links":{"self":[{"href":"https:\/\/gitesdewallonie.be\/en\/wp-json\/wp\/v2\/room\/112908","targetHints":{"allow":["GET"]}}],"collection":[{"href":"https:\/\/gitesdewallonie.be\/en\/wp-json\/wp\/v2\/room"}],"about":[{"href":"https:\/\/gitesdewallonie.be\/en\/wp-json\/wp\/v2\/types\/room"}],"wp:attachment":[{"href":"https:\/\/gitesdewallonie.be\/en\/wp-json\/wp\/v2\/media?parent=112908"}],"wp:term":[{"taxonomy":"lodging_external_equipment","embeddable":true,"href":"https:\/\/gitesdewallonie.be\/en\/wp-json\/wp\/v2\/lodging_external_equipment?post=112908"},{"taxonomy":"lodging_household_appliances","embeddable":true,"href":"https:\/\/gitesdewallonie.be\/en\/wp-json\/wp\/v2\/lodging_household_appliances?post=112908"},{"taxonomy":"lodging_interior_equipment","embeddable":true,"href":"https:\/\/gitesdewallonie.be\/en\/wp-json\/wp\/v2\/lodging_interior_equipment?post=112908"},{"taxonomy":"lodging_sport_and_leisure","embeddable":true,"href":"https:\/\/gitesdewallonie.be\/en\/wp-json\/wp\/v2\/lodging_sport_and_leisure?post=112908"},{"taxonomy":"lodging_type_of_stay","embeddable":true,"href":"https:\/\/gitesdewallonie.be\/en\/wp-json\/wp\/v2\/lodging_type_of_stay?post=112908"},{"taxonomy":"lodging_adapted_to","embeddable":true,"href":"https:\/\/gitesdewallonie.be\/en\/wp-json\/wp\/v2\/lodging_adapted_to?post=112908"},{"taxonomy":"lodging_wellness","embeddable":true,"href":"https:\/\/gitesdewallonie.be\/en\/wp-json\/wp\/v2\/lodging_wellness?post=112908"},{"taxonomy":"lodging_baby","embeddable":true,"href":"https:\/\/gitesdewallonie.be\/en\/wp-json\/wp\/v2\/lodging_baby?post=112908"},{"taxonomy":"lodging_car_motorcycle_bike","embeddable":true,"href":"https:\/\/gitesdewallonie.be\/en\/wp-json\/wp\/v2\/lodging_car_motorcycle_bike?post=112908"},{"taxonomy":"lodging_status","embeddable":true,"href":"https:\/\/gitesdewallonie.be\/en\/wp-json\/wp\/v2\/lodging_status?post=112908"},{"taxonomy":"lodging_other_informations","embeddable":true,"href":"https:\/\/gitesdewallonie.be\/en\/wp-json\/wp\/v2\/lodging_other_informations?post=112908"},{"taxonomy":"room_host_table","embeddable":true,"href":"https:\/\/gitesdewallonie.be\/en\/wp-json\/wp\/v2\/room_host_table?post=112908"}],"curies":[{"name":"wp","href":"https:\/\/api.w.org\/{rel}","templated":true}]}}

<p>Ferme rénovée orientée culture.
Idéales pour les couples ou en famille.
Chambre accueillante et en toute simplicité. Un mélange harmonieux de style contemporain tout en respectant l'esprit des lieux.</p><p>Nous sommes situé à 7 km de la ville de Mons et à 8 km de la ville de Binche. Situation idéale pour visiter Mons capital culturelle 2015 et le folklore de Binche. Profitez également des balades dans notre campagne.
Un petit déjeuner gourmand sous forme de buffet est offert avec la chambre, flexibilité pour l'heure du service.
Accès facile en voiture et en transport en commun. Possibilité de sécuriser les vélos. Parking aisé dans la cour de la ferme.
Avis aux allergiques, c'est une ferme et présence dans la maison de chien et chats.
Les chambres sont orientées côtés rue, pavée et peu fréquentée mais le bruit des voitures peu déranger. L'accès aux chambres se fait par un ancien escalier, assez raide.
Produits d'accueil dans la chambre ainsi que la salle de bain
Le nom provient d’une part du lieu dit "La barrière" où l’on raconte qu’à l’époque des diligences, il y avait une barrière avec un droit de passage pour aller d’une ville à l’autre. D’autre part, Alezane, la couleur de la robe de nos chevaux, les Haflinger.
Famille passionnée par cette race depuis de nombreux années, nous nous rendons chaque année en Autriche, dans le berceau de la race afin de suivre leur évolution et rencontrer d’autre passionnés. C’est en logeant chez l’habitant dans les petits villages autrichiens que nous est venu l’idée des chambres.</p>

<p>Gerenoveerde boerderij met zicht op de akkers.
Ideaal voor koppels of gezinnen.
Gastvrije en eenvoudige kamer. Een harmonieuze mix van hedendaagse stijl met het nodige respect voor de originele sfeer van de plaats.</p><p>Wij zijn gesitueerd op 7 km van de stad Bergen en op 8 km van de stad Binche. De ideale locatie om de sfeer van de culturele hoofdstad van Europa van 2015 op te snuiven of ondergedompeld te worden de folklore van Binche. U kunt ook genieten van talrijke wandelingen in onze omgeving.
We voorzien een gastronomisch ontbijtbuffet, geserveerd tijdens flexibele uren.
Gemakkelijke te bereiken met de auto en het openbaar vervoer. Mogelijkheid om fietsen veilig te stallen. Gemakkelijk parkeren op het erf van de boerderij.
Belangrijk voor mensen met allergieën: op deze boerderij zijn honden- en katten aanwezig.
De kamers zijn gelegen aan de straatkant. De straat is geplaveid en niet druk, maar het lawaai van de auto's kan storend zijn. De toegang tot de kamers is via een oude, vrij steile trap.
Er zijn producten aanwezig om u te verwelkomen in de slaapkamer en de badkamer
De naam is afgeleid van "La barrière". Ten tijde van de postkoetsen was er vroeger een barrière om van de ene stad naar de andere te gaan, waar men rechten moest betalen. Ook opvallend is de roodbruine kleur van de vacht van onze paarden, de Haflingers. Onze familie is al jarenlang gepassioneerd door dit paardenras. Elk jaar trekken we aar Oostenrijk, waar de wieg staat van de Haflingers. We volgen hun evolutie en ontmoeten er andere liefhebbers. De idee om met gastenkamers te starten, kwam bij ons op toen we bij de inwoners van deze kleine Oostenrijkse dorpjes logeerden.</p>

<p>This renovated farmhouse is full of culture and ideal for couples and families. 
The bedroom is welcoming and simple with a mix of the original styling of the house and modern improvements.</p><p>We are based 7 km from Mons and 8 km from Binche. Mons was the capital city of culture in 2015 and Binche is well known for its folklore. The surrounding countryside is great for walking.
We provide a generous buffet breakfast with the bedroom with flexible opening hours.
You can get here easily by public transport and by car. The farm courtyard has lots of car parking space. For those with allergies, there is a farm and there are cats and a dog in the house. 
The bedrooms are on the paved road side which is very quiet but you may hear a car pass from time to time. You can get to the bedrooms by an old staircase which may be tricky for some guests. The bedroom has a welcome pack with a bathroom. The name of the place comes from the original place name “La Barrière” (the barrier) where there was a village toll back in the horse and coach travel era. Also, the light horses known as the Haflinger are breeded here by our family. We go every year to the original place of birth of this horse race in Austria to follow the latest trends and meet other breeders. Thanks to a previous stay in a B&B owned by breeders in a village in Austria, we came up with the idea of opening up our place to tourism.</p>

<!-- This site is optimized with the Yoast SEO Premium plugin v26.7 (Yoast SEO v26.7) - https://yoast.com/wordpress/plugins/seo/ -->
<title>Chambre 1 - gitesdewallonie.be</title>
<meta name="robots" content="noindex, follow" />
<meta property="og:locale" content="en_US" />
<meta property="og:type" content="article" />
<meta property="og:title" content="Chambre 1" />
<meta property="og:url" content="https://gitesdewallonie.be/en/blog/room/chambre-1-7/" />
<meta property="og:site_name" content="gitesdewallonie.be" />
<meta property="article:publisher" content="https://www.facebook.com/GitesdeWallonie" />
<meta name="twitter:card" content="summary_large_image" />
<script type="application/ld+json" class="yoast-schema-graph">{"@context":"https://schema.org","@graph":[{"@type":"WebPage","@id":"https://gitesdewallonie.be/en/blog/room/chambre-1-7/","url":"https://gitesdewallonie.be/en/blog/room/chambre-1-7/","name":"Chambre 1 - gitesdewallonie.be","isPartOf":{"@id":"https://gitesdewallonie.be/en/#website"},"datePublished":"2024-08-27T07:13:39+00:00","breadcrumb":{"@id":"https://gitesdewallonie.be/en/blog/room/chambre-1-7/#breadcrumb"},"inLanguage":"en-US","potentialAction":[{"@type":"ReadAction","target":["https://gitesdewallonie.be/en/blog/room/chambre-1-7/"]}]},{"@type":"BreadcrumbList","@id":"https://gitesdewallonie.be/en/blog/room/chambre-1-7/#breadcrumb","itemListElement":[{"@type":"ListItem","position":1,"name":"Accueil","item":"https://gitesdewallonie.be/en/"},{"@type":"ListItem","position":2,"name":"Chambre 1"}]},{"@type":"WebSite","@id":"https://gitesdewallonie.be/en/#website","url":"https://gitesdewallonie.be/en/","name":"Fédération des Gîtes et Chambres d'hôtes de Wallonie","description":"","publisher":{"@id":"https://gitesdewallonie.be/en/#organization"},"potentialAction":[{"@type":"SearchAction","target":{"@type":"EntryPoint","urlTemplate":"https://gitesdewallonie.be/en/?s={search_term_string}"},"query-input":{"@type":"PropertyValueSpecification","valueRequired":true,"valueName":"search_term_string"}}],"inLanguage":"en-US"},{"@type":"Organization","@id":"https://gitesdewallonie.be/en/#organization","name":"Fédération des Gîtes et Chambres d'hôtes de Wallonie","alternateName":"GDW","url":"https://gitesdewallonie.be/en/","logo":{"@type":"ImageObject","inLanguage":"en-US","@id":"https://gitesdewallonie.be/en/#/schema/logo/image/","url":"https://gitesdewallonie.be/wp-content/uploads/2024/08/logo-gdw.svg","contentUrl":"https://gitesdewallonie.be/wp-content/uploads/2024/08/logo-gdw.svg","caption":"Fédération des Gîtes et Chambres d'hôtes de Wallonie"},"image":{"@id":"https://gitesdewallonie.be/en/#/schema/logo/image/"},"sameAs":["https://www.facebook.com/GitesdeWallonie","https://www.instagram.com/gitesdewallonie.be/"]}]}</script>
<!-- / Yoast SEO Premium plugin. -->

Fédération des Gîtes et Chambres d'hôtes de Wallonie
