{"id":114036,"date":"2024-08-27T09:18:35","date_gmt":"2024-08-27T07:18:35","guid":{"rendered":"https:\/\/gitesdewallonie.be\/blog\/room\/wallons-nous-dormir\/"},"modified":"2024-08-27T09:18:35","modified_gmt":"2024-08-27T07:18:35","slug":"wallons-nous-dormir","status":"publish","type":"room","link":"https:\/\/gitesdewallonie.be\/en\/blog\/room\/wallons-nous-dormir\/","title":{"rendered":"W&#8217;allons Nous Dormir"},"content":{"rendered":"","protected":false},"featured_media":0,"template":"","meta":{"lodging_pk":"3020","room_uid":"6cf6ec00f2f3420583395cc153f6224a","room_pk":"2044","room_description_fr":"<p>Grande chambre lumineuse et calme. Possibilit\u00e9 de d\u00e9jeuner dans le jardin.<\/p><p>W\u2019allons nous dormir ? Pourquoi pas chez Vinciane !\r\n\r\nLa chambre d'h\u00f4tes \u00ab W\u2019allons nous dormir \u00bb est situ\u00e9e dans le quartier vert et calme du Laveu \u00e0 proximit\u00e9 de la fameuse gare Calatrava (gare des Guillemins) et \u00e0 10 minutes seulement du centre ville de Li\u00e8ge.\r\n\r\nSi vous arrivez en train, Vinciane rev\u00eatira son k\u00e9pi et viendra vous chercher \u00e0 la gare (la course vous sera offerte). Pour les plus courageux, si vous arrivez en v\u00e9lo, un garage o\u00f9 vous pourrez les ranger en toute s\u00e9curit\u00e9, sera \u00e0 votre disposition. \r\n\r\nVinciane a am\u00e9nag\u00e9 une chambre spacieuse et lumineuse, qui peut h\u00e9berger jusque 3 personnes (max 4 si enfants). Vous disposerez, bien s\u00fbr, d\u2019une salle de bains privative mais \u00e9galement d'un bureau pour les travailleurs, d\u2019une t\u00e9l\u00e9vision, du wifi , d\u2019un frigo et de quoi vous faire un th\u00e9 ou un caf\u00e9.\r\n\r\nLe matin, votre h\u00f4tesse vous servira un petit d\u00e9jeuner copieux digne des meilleurs Bed and Breakfast compos\u00e9 de produits du terroir et de confitures maison. Par un soleil d\u2019\u00e9t\u00e9, ce moment pourra se d\u00e9guster en terrasse ou dans le jardin fleuri. \r\n\r\nEnfin si vous le souhaitez, Vinciane, en vraie li\u00e9geoise, vous parlera de sa ville. En parfaite guide touristique, elle vous donnera des id\u00e9es de visites, de balades, de resto, de bistrots et de sorties dans la cit\u00e9 ardente.<\/p>","room_description_nl":"<p>Grote, rustige kamer vol licht. Mogelijkheid om te ontbijten in de tuin.<\/p><p>W\u2019allons nous dormir? Waar gaan we slapen? Waarom niet bij Vinciane!\r\n\r\nDe bed & breakfast \"W\u2019allons nous dormir\" is gelegen in de groene en rustige wijk Laveu, vlakbij het beroemde station van Calatrava (station Guillemins) en op slechts 10 minuten van het stadscentrum van Luik.\r\n\r\nAls u met de trein aankomt, zet Vinciane haar pet op en haalt ze u op van het station (de rit is gratis). Voor de moedigen die met de fiets komen, staat een garage tot uw beschikking waar u ze veilig kunt stallen.\r\n\r\nVinciane heeft een ruime en lichte kamer ingericht die plaats biedt aan maximaal 3 personen (max. 4 indien kinderen). U hebt natuurlijk een eigen badkamer maar ook een bureau voor de werkers, een televisie, wifi, een koelkast en wat benodigdheden om zelf een kopje thee of koffie te zetten.\r\n\r\n'S Ochtends serveert uw gastvrouw u een stevig ontbijt dat de beste Bed and Breakfast waardig is, bestaande uit lokale producten en zelfgemaakte jam. In de zomerzon kan van dit moment genoten worden op het terras of in de bloementuin.\r\n\r\nAls u wilt, zal Vinciane, als rasechte Luikenaar, u ten slotte over haar stad vertellen. Ze is de perfecte toeristische gids en geeft u tips voor bezoeken, wandelingen, restaurants, bistro's en uitstapjes in de vurige stad.<\/p>","room_description_en":"<p>This large and quiet room is full of light. You can even have your breakfast in the garden.<\/p><p>Where are we going to sleep? Why not acome to Vinciane!\r\n\r\nThe \"W\u2019allons nous dormir\" bed and breakfast is located in the green and quiet Laveu district, near the famous Calatrava-Guillemins station  and only 10 minutes from Li\u00e8ge city center.\r\n\r\nIf you arrive by train, Vinciane will put on her cap and pick you up from the station, free of charge. For the more courageous, if you arrive by bike, a garage where you can store them safely, will be at your disposal.<\/p>","room_min_capacity":"2","room_max_capacity":"3","room_number_of_bathrooms":"1","room_number_of_levels":"1","room_floor":"SecondFloor","room_size":"2Double","room_description":"","room_surface_area":"","room_video":"","lodging_min_night":"","lodging_elloha_offer_id":"9320b63b-f098-4d6a-863a-ec46eaa36671","lodging_percent":"{\"general\":100,\"equipments\":100,\"medias\":50,\"total\":83}"},"lodging_external_equipment":[8896,8898],"lodging_household_appliances":[8882,8888,8891],"lodging_interior_equipment":[9043,8879,9035,8880,8881],"lodging_sport_and_leisure":[],"lodging_type_of_stay":[],"lodging_adapted_to":[],"lodging_wellness":[],"lodging_baby":[8904,8906],"lodging_car_motorcycle_bike":[],"lodging_status":[167],"lodging_other_informations":[],"room_host_table":[],"class_list":["post-114036","room","type-room","status-publish","hentry","lodging_external_equipment-jardin","lodging_external_equipment-terrasse","lodging_household_appliances-bouilloire-electrique","lodging_household_appliances-machine-a-cafe","lodging_household_appliances-refrigerateur","lodging_interior_equipment-bureau","lodging_interior_equipment-seche-cheveux","lodging_interior_equipment-serviettes-de-toilette","lodging_interior_equipment-television","lodging_interior_equipment-wi-fi","lodging_baby-chaise-pour-enfant","lodging_baby-lit-bebe","lodging_status-published"],"yoast_head":"<!-- This site is optimized with the Yoast SEO Premium plugin v26.7 (Yoast SEO v26.7) - https:\/\/yoast.com\/wordpress\/plugins\/seo\/ -->\n<title>W&#039;allons Nous Dormir - gitesdewallonie.be<\/title>\n<meta name=\"robots\" content=\"noindex, follow\" \/>\n<meta property=\"og:locale\" content=\"en_US\" \/>\n<meta property=\"og:type\" content=\"article\" \/>\n<meta property=\"og:title\" content=\"W&#039;allons Nous Dormir\" \/>\n<meta property=\"og:url\" content=\"https:\/\/gitesdewallonie.be\/en\/blog\/room\/wallons-nous-dormir\/\" \/>\n<meta property=\"og:site_name\" content=\"gitesdewallonie.be\" \/>\n<meta property=\"article:publisher\" content=\"https:\/\/www.facebook.com\/GitesdeWallonie\" \/>\n<meta name=\"twitter:card\" content=\"summary_large_image\" \/>\n<script type=\"application\/ld+json\" class=\"yoast-schema-graph\">{\"@context\":\"https:\/\/schema.org\",\"@graph\":[{\"@type\":\"WebPage\",\"@id\":\"https:\/\/gitesdewallonie.be\/en\/blog\/room\/wallons-nous-dormir\/\",\"url\":\"https:\/\/gitesdewallonie.be\/en\/blog\/room\/wallons-nous-dormir\/\",\"name\":\"W'allons Nous Dormir - gitesdewallonie.be\",\"isPartOf\":{\"@id\":\"https:\/\/gitesdewallonie.be\/en\/#website\"},\"datePublished\":\"2024-08-27T07:18:35+00:00\",\"breadcrumb\":{\"@id\":\"https:\/\/gitesdewallonie.be\/en\/blog\/room\/wallons-nous-dormir\/#breadcrumb\"},\"inLanguage\":\"en-US\",\"potentialAction\":[{\"@type\":\"ReadAction\",\"target\":[\"https:\/\/gitesdewallonie.be\/en\/blog\/room\/wallons-nous-dormir\/\"]}]},{\"@type\":\"BreadcrumbList\",\"@id\":\"https:\/\/gitesdewallonie.be\/en\/blog\/room\/wallons-nous-dormir\/#breadcrumb\",\"itemListElement\":[{\"@type\":\"ListItem\",\"position\":1,\"name\":\"Accueil\",\"item\":\"https:\/\/gitesdewallonie.be\/en\/\"},{\"@type\":\"ListItem\",\"position\":2,\"name\":\"W&rsquo;allons Nous Dormir\"}]},{\"@type\":\"WebSite\",\"@id\":\"https:\/\/gitesdewallonie.be\/en\/#website\",\"url\":\"https:\/\/gitesdewallonie.be\/en\/\",\"name\":\"F\u00e9d\u00e9ration des G\u00eetes et Chambres d'h\u00f4tes de Wallonie\",\"description\":\"\",\"publisher\":{\"@id\":\"https:\/\/gitesdewallonie.be\/en\/#organization\"},\"potentialAction\":[{\"@type\":\"SearchAction\",\"target\":{\"@type\":\"EntryPoint\",\"urlTemplate\":\"https:\/\/gitesdewallonie.be\/en\/?s={search_term_string}\"},\"query-input\":{\"@type\":\"PropertyValueSpecification\",\"valueRequired\":true,\"valueName\":\"search_term_string\"}}],\"inLanguage\":\"en-US\"},{\"@type\":\"Organization\",\"@id\":\"https:\/\/gitesdewallonie.be\/en\/#organization\",\"name\":\"F\u00e9d\u00e9ration des G\u00eetes et Chambres d'h\u00f4tes de Wallonie\",\"alternateName\":\"GDW\",\"url\":\"https:\/\/gitesdewallonie.be\/en\/\",\"logo\":{\"@type\":\"ImageObject\",\"inLanguage\":\"en-US\",\"@id\":\"https:\/\/gitesdewallonie.be\/en\/#\/schema\/logo\/image\/\",\"url\":\"https:\/\/gitesdewallonie.be\/wp-content\/uploads\/2024\/08\/logo-gdw.svg\",\"contentUrl\":\"https:\/\/gitesdewallonie.be\/wp-content\/uploads\/2024\/08\/logo-gdw.svg\",\"caption\":\"F\u00e9d\u00e9ration des G\u00eetes et Chambres d'h\u00f4tes de Wallonie\"},\"image\":{\"@id\":\"https:\/\/gitesdewallonie.be\/en\/#\/schema\/logo\/image\/\"},\"sameAs\":[\"https:\/\/www.facebook.com\/GitesdeWallonie\",\"https:\/\/www.instagram.com\/gitesdewallonie.be\/\"]}]}<\/script>\n<!-- \/ Yoast SEO Premium plugin. -->","yoast_head_json":{"title":"W'allons Nous Dormir - gitesdewallonie.be","robots":{"index":"noindex","follow":"follow"},"og_locale":"en_US","og_type":"article","og_title":"W'allons Nous Dormir","og_url":"https:\/\/gitesdewallonie.be\/en\/blog\/room\/wallons-nous-dormir\/","og_site_name":"gitesdewallonie.be","article_publisher":"https:\/\/www.facebook.com\/GitesdeWallonie","twitter_card":"summary_large_image","schema":{"@context":"https:\/\/schema.org","@graph":[{"@type":"WebPage","@id":"https:\/\/gitesdewallonie.be\/en\/blog\/room\/wallons-nous-dormir\/","url":"https:\/\/gitesdewallonie.be\/en\/blog\/room\/wallons-nous-dormir\/","name":"W'allons Nous Dormir - gitesdewallonie.be","isPartOf":{"@id":"https:\/\/gitesdewallonie.be\/en\/#website"},"datePublished":"2024-08-27T07:18:35+00:00","breadcrumb":{"@id":"https:\/\/gitesdewallonie.be\/en\/blog\/room\/wallons-nous-dormir\/#breadcrumb"},"inLanguage":"en-US","potentialAction":[{"@type":"ReadAction","target":["https:\/\/gitesdewallonie.be\/en\/blog\/room\/wallons-nous-dormir\/"]}]},{"@type":"BreadcrumbList","@id":"https:\/\/gitesdewallonie.be\/en\/blog\/room\/wallons-nous-dormir\/#breadcrumb","itemListElement":[{"@type":"ListItem","position":1,"name":"Accueil","item":"https:\/\/gitesdewallonie.be\/en\/"},{"@type":"ListItem","position":2,"name":"W&rsquo;allons Nous Dormir"}]},{"@type":"WebSite","@id":"https:\/\/gitesdewallonie.be\/en\/#website","url":"https:\/\/gitesdewallonie.be\/en\/","name":"F\u00e9d\u00e9ration des G\u00eetes et Chambres d'h\u00f4tes de Wallonie","description":"","publisher":{"@id":"https:\/\/gitesdewallonie.be\/en\/#organization"},"potentialAction":[{"@type":"SearchAction","target":{"@type":"EntryPoint","urlTemplate":"https:\/\/gitesdewallonie.be\/en\/?s={search_term_string}"},"query-input":{"@type":"PropertyValueSpecification","valueRequired":true,"valueName":"search_term_string"}}],"inLanguage":"en-US"},{"@type":"Organization","@id":"https:\/\/gitesdewallonie.be\/en\/#organization","name":"F\u00e9d\u00e9ration des G\u00eetes et Chambres d'h\u00f4tes de Wallonie","alternateName":"GDW","url":"https:\/\/gitesdewallonie.be\/en\/","logo":{"@type":"ImageObject","inLanguage":"en-US","@id":"https:\/\/gitesdewallonie.be\/en\/#\/schema\/logo\/image\/","url":"https:\/\/gitesdewallonie.be\/wp-content\/uploads\/2024\/08\/logo-gdw.svg","contentUrl":"https:\/\/gitesdewallonie.be\/wp-content\/uploads\/2024\/08\/logo-gdw.svg","caption":"F\u00e9d\u00e9ration des G\u00eetes et Chambres d'h\u00f4tes de Wallonie"},"image":{"@id":"https:\/\/gitesdewallonie.be\/en\/#\/schema\/logo\/image\/"},"sameAs":["https:\/\/www.facebook.com\/GitesdeWallonie","https:\/\/www.instagram.com\/gitesdewallonie.be\/"]}]}},"_links":{"self":[{"href":"https:\/\/gitesdewallonie.be\/en\/wp-json\/wp\/v2\/room\/114036","targetHints":{"allow":["GET"]}}],"collection":[{"href":"https:\/\/gitesdewallonie.be\/en\/wp-json\/wp\/v2\/room"}],"about":[{"href":"https:\/\/gitesdewallonie.be\/en\/wp-json\/wp\/v2\/types\/room"}],"wp:attachment":[{"href":"https:\/\/gitesdewallonie.be\/en\/wp-json\/wp\/v2\/media?parent=114036"}],"wp:term":[{"taxonomy":"lodging_external_equipment","embeddable":true,"href":"https:\/\/gitesdewallonie.be\/en\/wp-json\/wp\/v2\/lodging_external_equipment?post=114036"},{"taxonomy":"lodging_household_appliances","embeddable":true,"href":"https:\/\/gitesdewallonie.be\/en\/wp-json\/wp\/v2\/lodging_household_appliances?post=114036"},{"taxonomy":"lodging_interior_equipment","embeddable":true,"href":"https:\/\/gitesdewallonie.be\/en\/wp-json\/wp\/v2\/lodging_interior_equipment?post=114036"},{"taxonomy":"lodging_sport_and_leisure","embeddable":true,"href":"https:\/\/gitesdewallonie.be\/en\/wp-json\/wp\/v2\/lodging_sport_and_leisure?post=114036"},{"taxonomy":"lodging_type_of_stay","embeddable":true,"href":"https:\/\/gitesdewallonie.be\/en\/wp-json\/wp\/v2\/lodging_type_of_stay?post=114036"},{"taxonomy":"lodging_adapted_to","embeddable":true,"href":"https:\/\/gitesdewallonie.be\/en\/wp-json\/wp\/v2\/lodging_adapted_to?post=114036"},{"taxonomy":"lodging_wellness","embeddable":true,"href":"https:\/\/gitesdewallonie.be\/en\/wp-json\/wp\/v2\/lodging_wellness?post=114036"},{"taxonomy":"lodging_baby","embeddable":true,"href":"https:\/\/gitesdewallonie.be\/en\/wp-json\/wp\/v2\/lodging_baby?post=114036"},{"taxonomy":"lodging_car_motorcycle_bike","embeddable":true,"href":"https:\/\/gitesdewallonie.be\/en\/wp-json\/wp\/v2\/lodging_car_motorcycle_bike?post=114036"},{"taxonomy":"lodging_status","embeddable":true,"href":"https:\/\/gitesdewallonie.be\/en\/wp-json\/wp\/v2\/lodging_status?post=114036"},{"taxonomy":"lodging_other_informations","embeddable":true,"href":"https:\/\/gitesdewallonie.be\/en\/wp-json\/wp\/v2\/lodging_other_informations?post=114036"},{"taxonomy":"room_host_table","embeddable":true,"href":"https:\/\/gitesdewallonie.be\/en\/wp-json\/wp\/v2\/room_host_table?post=114036"}],"curies":[{"name":"wp","href":"https:\/\/api.w.org\/{rel}","templated":true}]}}

<p>Grande chambre lumineuse et calme. Possibilité de déjeuner dans le jardin.</p><p>W’allons nous dormir ? Pourquoi pas chez Vinciane !

La chambre d'hôtes « W’allons nous dormir » est située dans le quartier vert et calme du Laveu à proximité de la fameuse gare Calatrava (gare des Guillemins) et à 10 minutes seulement du centre ville de Liège.

Si vous arrivez en train, Vinciane revêtira son képi et viendra vous chercher à la gare (la course vous sera offerte). Pour les plus courageux, si vous arrivez en vélo, un garage où vous pourrez les ranger en toute sécurité, sera à votre disposition. 

Vinciane a aménagé une chambre spacieuse et lumineuse, qui peut héberger jusque 3 personnes (max 4 si enfants). Vous disposerez, bien sûr, d’une salle de bains privative mais également d'un bureau pour les travailleurs, d’une télévision, du wifi , d’un frigo et de quoi vous faire un thé ou un café.

Le matin, votre hôtesse vous servira un petit déjeuner copieux digne des meilleurs Bed and Breakfast composé de produits du terroir et de confitures maison. Par un soleil d’été, ce moment pourra se déguster en terrasse ou dans le jardin fleuri. 

Enfin si vous le souhaitez, Vinciane, en vraie liégeoise, vous parlera de sa ville. En parfaite guide touristique, elle vous donnera des idées de visites, de balades, de resto, de bistrots et de sorties dans la cité ardente.</p>

<p>This large and quiet room is full of light. You can even have your breakfast in the garden.</p><p>Where are we going to sleep? Why not acome to Vinciane!

The "W’allons nous dormir" bed and breakfast is located in the green and quiet Laveu district, near the famous Calatrava-Guillemins station  and only 10 minutes from Liège city center.

If you arrive by train, Vinciane will put on her cap and pick you up from the station, free of charge. For the more courageous, if you arrive by bike, a garage where you can store them safely, will be at your disposal.</p>

<!-- This site is optimized with the Yoast SEO Premium plugin v26.7 (Yoast SEO v26.7) - https://yoast.com/wordpress/plugins/seo/ -->
<title>W&#039;allons Nous Dormir - gitesdewallonie.be</title>
<meta name="robots" content="noindex, follow" />
<meta property="og:locale" content="en_US" />
<meta property="og:type" content="article" />
<meta property="og:title" content="W&#039;allons Nous Dormir" />
<meta property="og:url" content="https://gitesdewallonie.be/en/blog/room/wallons-nous-dormir/" />
<meta property="og:site_name" content="gitesdewallonie.be" />
<meta property="article:publisher" content="https://www.facebook.com/GitesdeWallonie" />
<meta name="twitter:card" content="summary_large_image" />
<script type="application/ld+json" class="yoast-schema-graph">{"@context":"https://schema.org","@graph":[{"@type":"WebPage","@id":"https://gitesdewallonie.be/en/blog/room/wallons-nous-dormir/","url":"https://gitesdewallonie.be/en/blog/room/wallons-nous-dormir/","name":"W'allons Nous Dormir - gitesdewallonie.be","isPartOf":{"@id":"https://gitesdewallonie.be/en/#website"},"datePublished":"2024-08-27T07:18:35+00:00","breadcrumb":{"@id":"https://gitesdewallonie.be/en/blog/room/wallons-nous-dormir/#breadcrumb"},"inLanguage":"en-US","potentialAction":[{"@type":"ReadAction","target":["https://gitesdewallonie.be/en/blog/room/wallons-nous-dormir/"]}]},{"@type":"BreadcrumbList","@id":"https://gitesdewallonie.be/en/blog/room/wallons-nous-dormir/#breadcrumb","itemListElement":[{"@type":"ListItem","position":1,"name":"Accueil","item":"https://gitesdewallonie.be/en/"},{"@type":"ListItem","position":2,"name":"W&rsquo;allons Nous Dormir"}]},{"@type":"WebSite","@id":"https://gitesdewallonie.be/en/#website","url":"https://gitesdewallonie.be/en/","name":"Fédération des Gîtes et Chambres d'hôtes de Wallonie","description":"","publisher":{"@id":"https://gitesdewallonie.be/en/#organization"},"potentialAction":[{"@type":"SearchAction","target":{"@type":"EntryPoint","urlTemplate":"https://gitesdewallonie.be/en/?s={search_term_string}"},"query-input":{"@type":"PropertyValueSpecification","valueRequired":true,"valueName":"search_term_string"}}],"inLanguage":"en-US"},{"@type":"Organization","@id":"https://gitesdewallonie.be/en/#organization","name":"Fédération des Gîtes et Chambres d'hôtes de Wallonie","alternateName":"GDW","url":"https://gitesdewallonie.be/en/","logo":{"@type":"ImageObject","inLanguage":"en-US","@id":"https://gitesdewallonie.be/en/#/schema/logo/image/","url":"https://gitesdewallonie.be/wp-content/uploads/2024/08/logo-gdw.svg","contentUrl":"https://gitesdewallonie.be/wp-content/uploads/2024/08/logo-gdw.svg","caption":"Fédération des Gîtes et Chambres d'hôtes de Wallonie"},"image":{"@id":"https://gitesdewallonie.be/en/#/schema/logo/image/"},"sameAs":["https://www.facebook.com/GitesdeWallonie","https://www.instagram.com/gitesdewallonie.be/"]}]}</script>
<!-- / Yoast SEO Premium plugin. -->

Fédération des Gîtes et Chambres d'hôtes de Wallonie
