{"id":118723,"date":"2025-08-25T15:11:07","date_gmt":"2025-08-25T13:11:07","guid":{"rendered":"https:\/\/gitesdewallonie.be\/?post_type=mentions&#038;p=118723"},"modified":"2026-02-18T17:26:54","modified_gmt":"2026-02-18T16:26:54","slug":"uitzonderlijke-ambassadeur","status":"publish","type":"mentions","link":"https:\/\/gitesdewallonie.be\/nl\/vermeldingen\/uitzonderlijke-ambassadeur\/","title":{"rendered":"Een uitzonderlijk ambassadeur"},"content":{"rendered":"\n<div class=\"wp-block-group is-layout-constrained wp-block-group-is-layout-constrained\">\n<p><\/p>\n\n\n\n<div style=\"height:100px\" aria-hidden=\"true\" class=\"wp-block-spacer\"><\/div>\n<\/div>\n","protected":false},"featured_media":118581,"template":"","class_list":["post-118723","mentions","type-mentions","status-publish","has-post-thumbnail","hentry"],"yoast_head":"<!-- This site is optimized with the Yoast SEO Premium plugin v26.7 (Yoast SEO v26.7) - https:\/\/yoast.com\/wordpress\/plugins\/seo\/ -->\n<title>Een uitzonderlijk ambassadeur - gitesdewallonie.be<\/title>\n<meta name=\"robots\" content=\"index, follow, max-snippet:-1, max-image-preview:large, max-video-preview:-1\" \/>\n<link rel=\"canonical\" href=\"https:\/\/gitesdewallonie.be\/nl\/vermeldingen\/uitzonderlijke-ambassadeur\/\" \/>\n<meta property=\"og:locale\" content=\"nl_NL\" \/>\n<meta property=\"og:type\" content=\"article\" \/>\n<meta property=\"og:title\" content=\"Een uitzonderlijk ambassadeur\" \/>\n<meta property=\"og:description\" content=\"Dit label identificeert gastheren die hun regio promoten: ze delen hun beste adressen, favoriete lokale producenten en favoriete routes. Ervaar de regio op een andere manier, door ontmoetingen, authentieke smaken en weinig bekende plaatsen. Deze toegewijde gastheren bieden veel meer dan alleen accommodatie: ze bieden een echte, menselijke en duurzame onderdompeling in het hart van hun regio.\" \/>\n<meta property=\"og:url\" content=\"https:\/\/gitesdewallonie.be\/nl\/vermeldingen\/uitzonderlijke-ambassadeur\/\" \/>\n<meta property=\"og:site_name\" content=\"gitesdewallonie.be\" \/>\n<meta property=\"article:publisher\" content=\"https:\/\/www.facebook.com\/GitesdeWallonie\" \/>\n<meta property=\"article:modified_time\" content=\"2026-02-18T16:26:54+00:00\" \/>\n<meta property=\"og:image\" content=\"https:\/\/gitesdewallonie.be\/wp-content\/uploads\/2025\/08\/Ambassadeur-dexception-e1756716179659.png\" \/>\n\t<meta property=\"og:image:width\" content=\"940\" \/>\n\t<meta property=\"og:image:height\" content=\"788\" \/>\n\t<meta property=\"og:image:type\" content=\"image\/png\" \/>\n<meta name=\"twitter:card\" content=\"summary_large_image\" \/>\n<meta name=\"twitter:label1\" content=\"Est. reading time\" \/>\n\t<meta name=\"twitter:data1\" content=\"1 minute\" \/>\n<script type=\"application\/ld+json\" class=\"yoast-schema-graph\">{\"@context\":\"https:\/\/schema.org\",\"@graph\":[{\"@type\":\"WebPage\",\"@id\":\"https:\/\/gitesdewallonie.be\/nl\/vermeldingen\/uitzonderlijke-ambassadeur\/\",\"url\":\"https:\/\/gitesdewallonie.be\/nl\/vermeldingen\/uitzonderlijke-ambassadeur\/\",\"name\":\"Een uitzonderlijk ambassadeur - gitesdewallonie.be\",\"isPartOf\":{\"@id\":\"https:\/\/gitesdewallonie.be\/nl\/#website\"},\"primaryImageOfPage\":{\"@id\":\"https:\/\/gitesdewallonie.be\/nl\/vermeldingen\/uitzonderlijke-ambassadeur\/#primaryimage\"},\"image\":{\"@id\":\"https:\/\/gitesdewallonie.be\/nl\/vermeldingen\/uitzonderlijke-ambassadeur\/#primaryimage\"},\"thumbnailUrl\":\"https:\/\/gitesdewallonie.be\/wp-content\/uploads\/2025\/08\/Ambassadeur-dexception-e1756716179659.png\",\"datePublished\":\"2025-08-25T13:11:07+00:00\",\"dateModified\":\"2026-02-18T16:26:54+00:00\",\"breadcrumb\":{\"@id\":\"https:\/\/gitesdewallonie.be\/nl\/vermeldingen\/uitzonderlijke-ambassadeur\/#breadcrumb\"},\"inLanguage\":\"nl-NL\",\"potentialAction\":[{\"@type\":\"ReadAction\",\"target\":[\"https:\/\/gitesdewallonie.be\/nl\/vermeldingen\/uitzonderlijke-ambassadeur\/\"]}]},{\"@type\":\"ImageObject\",\"inLanguage\":\"nl-NL\",\"@id\":\"https:\/\/gitesdewallonie.be\/nl\/vermeldingen\/uitzonderlijke-ambassadeur\/#primaryimage\",\"url\":\"https:\/\/gitesdewallonie.be\/wp-content\/uploads\/2025\/08\/Ambassadeur-dexception-e1756716179659.png\",\"contentUrl\":\"https:\/\/gitesdewallonie.be\/wp-content\/uploads\/2025\/08\/Ambassadeur-dexception-e1756716179659.png\",\"width\":940,\"height\":788},{\"@type\":\"BreadcrumbList\",\"@id\":\"https:\/\/gitesdewallonie.be\/nl\/vermeldingen\/uitzonderlijke-ambassadeur\/#breadcrumb\",\"itemListElement\":[{\"@type\":\"ListItem\",\"position\":1,\"name\":\"Accueil\",\"item\":\"https:\/\/gitesdewallonie.be\/nl\/\"},{\"@type\":\"ListItem\",\"position\":2,\"name\":\"Een uitzonderlijk ambassadeur\"}]},{\"@type\":\"WebSite\",\"@id\":\"https:\/\/gitesdewallonie.be\/nl\/#website\",\"url\":\"https:\/\/gitesdewallonie.be\/nl\/\",\"name\":\"F\u00e9d\u00e9ration des G\u00eetes et Chambres d'h\u00f4tes de Wallonie\",\"description\":\"\",\"publisher\":{\"@id\":\"https:\/\/gitesdewallonie.be\/nl\/#organization\"},\"potentialAction\":[{\"@type\":\"SearchAction\",\"target\":{\"@type\":\"EntryPoint\",\"urlTemplate\":\"https:\/\/gitesdewallonie.be\/nl\/?s={search_term_string}\"},\"query-input\":{\"@type\":\"PropertyValueSpecification\",\"valueRequired\":true,\"valueName\":\"search_term_string\"}}],\"inLanguage\":\"nl-NL\"},{\"@type\":\"Organization\",\"@id\":\"https:\/\/gitesdewallonie.be\/nl\/#organization\",\"name\":\"F\u00e9d\u00e9ration des G\u00eetes et Chambres d'h\u00f4tes de Wallonie\",\"alternateName\":\"GDW\",\"url\":\"https:\/\/gitesdewallonie.be\/nl\/\",\"logo\":{\"@type\":\"ImageObject\",\"inLanguage\":\"nl-NL\",\"@id\":\"https:\/\/gitesdewallonie.be\/nl\/#\/schema\/logo\/image\/\",\"url\":\"https:\/\/gitesdewallonie.be\/wp-content\/uploads\/2024\/08\/logo-gdw.svg\",\"contentUrl\":\"https:\/\/gitesdewallonie.be\/wp-content\/uploads\/2024\/08\/logo-gdw.svg\",\"caption\":\"F\u00e9d\u00e9ration des G\u00eetes et Chambres d'h\u00f4tes de Wallonie\"},\"image\":{\"@id\":\"https:\/\/gitesdewallonie.be\/nl\/#\/schema\/logo\/image\/\"},\"sameAs\":[\"https:\/\/www.facebook.com\/GitesdeWallonie\",\"https:\/\/www.instagram.com\/gitesdewallonie.be\/\"]}]}<\/script>\n<!-- \/ Yoast SEO Premium plugin. -->","yoast_head_json":{"title":"Een uitzonderlijk ambassadeur - gitesdewallonie.be","robots":{"index":"index","follow":"follow","max-snippet":"max-snippet:-1","max-image-preview":"max-image-preview:large","max-video-preview":"max-video-preview:-1"},"canonical":"https:\/\/gitesdewallonie.be\/nl\/vermeldingen\/uitzonderlijke-ambassadeur\/","og_locale":"nl_NL","og_type":"article","og_title":"Een uitzonderlijk ambassadeur","og_description":"Dit label identificeert gastheren die hun regio promoten: ze delen hun beste adressen, favoriete lokale producenten en favoriete routes. Ervaar de regio op een andere manier, door ontmoetingen, authentieke smaken en weinig bekende plaatsen. Deze toegewijde gastheren bieden veel meer dan alleen accommodatie: ze bieden een echte, menselijke en duurzame onderdompeling in het hart van hun regio.","og_url":"https:\/\/gitesdewallonie.be\/nl\/vermeldingen\/uitzonderlijke-ambassadeur\/","og_site_name":"gitesdewallonie.be","article_publisher":"https:\/\/www.facebook.com\/GitesdeWallonie","article_modified_time":"2026-02-18T16:26:54+00:00","og_image":[{"width":940,"height":788,"url":"https:\/\/gitesdewallonie.be\/wp-content\/uploads\/2025\/08\/Ambassadeur-dexception-e1756716179659.png","type":"image\/png"}],"twitter_card":"summary_large_image","twitter_misc":{"Est. reading time":"1 minute"},"schema":{"@context":"https:\/\/schema.org","@graph":[{"@type":"WebPage","@id":"https:\/\/gitesdewallonie.be\/nl\/vermeldingen\/uitzonderlijke-ambassadeur\/","url":"https:\/\/gitesdewallonie.be\/nl\/vermeldingen\/uitzonderlijke-ambassadeur\/","name":"Een uitzonderlijk ambassadeur - gitesdewallonie.be","isPartOf":{"@id":"https:\/\/gitesdewallonie.be\/nl\/#website"},"primaryImageOfPage":{"@id":"https:\/\/gitesdewallonie.be\/nl\/vermeldingen\/uitzonderlijke-ambassadeur\/#primaryimage"},"image":{"@id":"https:\/\/gitesdewallonie.be\/nl\/vermeldingen\/uitzonderlijke-ambassadeur\/#primaryimage"},"thumbnailUrl":"https:\/\/gitesdewallonie.be\/wp-content\/uploads\/2025\/08\/Ambassadeur-dexception-e1756716179659.png","datePublished":"2025-08-25T13:11:07+00:00","dateModified":"2026-02-18T16:26:54+00:00","breadcrumb":{"@id":"https:\/\/gitesdewallonie.be\/nl\/vermeldingen\/uitzonderlijke-ambassadeur\/#breadcrumb"},"inLanguage":"nl-NL","potentialAction":[{"@type":"ReadAction","target":["https:\/\/gitesdewallonie.be\/nl\/vermeldingen\/uitzonderlijke-ambassadeur\/"]}]},{"@type":"ImageObject","inLanguage":"nl-NL","@id":"https:\/\/gitesdewallonie.be\/nl\/vermeldingen\/uitzonderlijke-ambassadeur\/#primaryimage","url":"https:\/\/gitesdewallonie.be\/wp-content\/uploads\/2025\/08\/Ambassadeur-dexception-e1756716179659.png","contentUrl":"https:\/\/gitesdewallonie.be\/wp-content\/uploads\/2025\/08\/Ambassadeur-dexception-e1756716179659.png","width":940,"height":788},{"@type":"BreadcrumbList","@id":"https:\/\/gitesdewallonie.be\/nl\/vermeldingen\/uitzonderlijke-ambassadeur\/#breadcrumb","itemListElement":[{"@type":"ListItem","position":1,"name":"Accueil","item":"https:\/\/gitesdewallonie.be\/nl\/"},{"@type":"ListItem","position":2,"name":"Een uitzonderlijk ambassadeur"}]},{"@type":"WebSite","@id":"https:\/\/gitesdewallonie.be\/nl\/#website","url":"https:\/\/gitesdewallonie.be\/nl\/","name":"F\u00e9d\u00e9ration des G\u00eetes et Chambres d'h\u00f4tes de Wallonie","description":"","publisher":{"@id":"https:\/\/gitesdewallonie.be\/nl\/#organization"},"potentialAction":[{"@type":"SearchAction","target":{"@type":"EntryPoint","urlTemplate":"https:\/\/gitesdewallonie.be\/nl\/?s={search_term_string}"},"query-input":{"@type":"PropertyValueSpecification","valueRequired":true,"valueName":"search_term_string"}}],"inLanguage":"nl-NL"},{"@type":"Organization","@id":"https:\/\/gitesdewallonie.be\/nl\/#organization","name":"F\u00e9d\u00e9ration des G\u00eetes et Chambres d'h\u00f4tes de Wallonie","alternateName":"GDW","url":"https:\/\/gitesdewallonie.be\/nl\/","logo":{"@type":"ImageObject","inLanguage":"nl-NL","@id":"https:\/\/gitesdewallonie.be\/nl\/#\/schema\/logo\/image\/","url":"https:\/\/gitesdewallonie.be\/wp-content\/uploads\/2024\/08\/logo-gdw.svg","contentUrl":"https:\/\/gitesdewallonie.be\/wp-content\/uploads\/2024\/08\/logo-gdw.svg","caption":"F\u00e9d\u00e9ration des G\u00eetes et Chambres d'h\u00f4tes de Wallonie"},"image":{"@id":"https:\/\/gitesdewallonie.be\/nl\/#\/schema\/logo\/image\/"},"sameAs":["https:\/\/www.facebook.com\/GitesdeWallonie","https:\/\/www.instagram.com\/gitesdewallonie.be\/"]}]}},"_links":{"self":[{"href":"https:\/\/gitesdewallonie.be\/nl\/wp-json\/wp\/v2\/mentions\/118723","targetHints":{"allow":["GET"]}}],"collection":[{"href":"https:\/\/gitesdewallonie.be\/nl\/wp-json\/wp\/v2\/mentions"}],"about":[{"href":"https:\/\/gitesdewallonie.be\/nl\/wp-json\/wp\/v2\/types\/mentions"}],"wp:featuredmedia":[{"embeddable":true,"href":"https:\/\/gitesdewallonie.be\/nl\/wp-json\/wp\/v2\/media\/118581"}],"wp:attachment":[{"href":"https:\/\/gitesdewallonie.be\/nl\/wp-json\/wp\/v2\/media?parent=118723"}],"curies":[{"name":"wp","href":"https:\/\/api.w.org\/{rel}","templated":true}]}}

<!-- This site is optimized with the Yoast SEO Premium plugin v26.7 (Yoast SEO v26.7) - https://yoast.com/wordpress/plugins/seo/ -->
<title>Een uitzonderlijk ambassadeur - gitesdewallonie.be</title>
<meta name="robots" content="index, follow, max-snippet:-1, max-image-preview:large, max-video-preview:-1" />
<link rel="canonical" href="https://gitesdewallonie.be/nl/vermeldingen/uitzonderlijke-ambassadeur/" />
<meta property="og:locale" content="nl_NL" />
<meta property="og:type" content="article" />
<meta property="og:title" content="Een uitzonderlijk ambassadeur" />
<meta property="og:description" content="Dit label identificeert gastheren die hun regio promoten: ze delen hun beste adressen, favoriete lokale producenten en favoriete routes. Ervaar de regio op een andere manier, door ontmoetingen, authentieke smaken en weinig bekende plaatsen. Deze toegewijde gastheren bieden veel meer dan alleen accommodatie: ze bieden een echte, menselijke en duurzame onderdompeling in het hart van hun regio." />
<meta property="og:url" content="https://gitesdewallonie.be/nl/vermeldingen/uitzonderlijke-ambassadeur/" />
<meta property="og:site_name" content="gitesdewallonie.be" />
<meta property="article:publisher" content="https://www.facebook.com/GitesdeWallonie" />
<meta property="article:modified_time" content="2026-02-18T16:26:54+00:00" />
<meta property="og:image" content="https://gitesdewallonie.be/wp-content/uploads/2025/08/Ambassadeur-dexception-e1756716179659.png" />
	<meta property="og:image:width" content="940" />
	<meta property="og:image:height" content="788" />
	<meta property="og:image:type" content="image/png" />
<meta name="twitter:card" content="summary_large_image" />
<meta name="twitter:label1" content="Est. reading time" />
	<meta name="twitter:data1" content="1 minute" />
<script type="application/ld+json" class="yoast-schema-graph">{"@context":"https://schema.org","@graph":[{"@type":"WebPage","@id":"https://gitesdewallonie.be/nl/vermeldingen/uitzonderlijke-ambassadeur/","url":"https://gitesdewallonie.be/nl/vermeldingen/uitzonderlijke-ambassadeur/","name":"Een uitzonderlijk ambassadeur - gitesdewallonie.be","isPartOf":{"@id":"https://gitesdewallonie.be/nl/#website"},"primaryImageOfPage":{"@id":"https://gitesdewallonie.be/nl/vermeldingen/uitzonderlijke-ambassadeur/#primaryimage"},"image":{"@id":"https://gitesdewallonie.be/nl/vermeldingen/uitzonderlijke-ambassadeur/#primaryimage"},"thumbnailUrl":"https://gitesdewallonie.be/wp-content/uploads/2025/08/Ambassadeur-dexception-e1756716179659.png","datePublished":"2025-08-25T13:11:07+00:00","dateModified":"2026-02-18T16:26:54+00:00","breadcrumb":{"@id":"https://gitesdewallonie.be/nl/vermeldingen/uitzonderlijke-ambassadeur/#breadcrumb"},"inLanguage":"nl-NL","potentialAction":[{"@type":"ReadAction","target":["https://gitesdewallonie.be/nl/vermeldingen/uitzonderlijke-ambassadeur/"]}]},{"@type":"ImageObject","inLanguage":"nl-NL","@id":"https://gitesdewallonie.be/nl/vermeldingen/uitzonderlijke-ambassadeur/#primaryimage","url":"https://gitesdewallonie.be/wp-content/uploads/2025/08/Ambassadeur-dexception-e1756716179659.png","contentUrl":"https://gitesdewallonie.be/wp-content/uploads/2025/08/Ambassadeur-dexception-e1756716179659.png","width":940,"height":788},{"@type":"BreadcrumbList","@id":"https://gitesdewallonie.be/nl/vermeldingen/uitzonderlijke-ambassadeur/#breadcrumb","itemListElement":[{"@type":"ListItem","position":1,"name":"Accueil","item":"https://gitesdewallonie.be/nl/"},{"@type":"ListItem","position":2,"name":"Een uitzonderlijk ambassadeur"}]},{"@type":"WebSite","@id":"https://gitesdewallonie.be/nl/#website","url":"https://gitesdewallonie.be/nl/","name":"Fédération des Gîtes et Chambres d'hôtes de Wallonie","description":"","publisher":{"@id":"https://gitesdewallonie.be/nl/#organization"},"potentialAction":[{"@type":"SearchAction","target":{"@type":"EntryPoint","urlTemplate":"https://gitesdewallonie.be/nl/?s={search_term_string}"},"query-input":{"@type":"PropertyValueSpecification","valueRequired":true,"valueName":"search_term_string"}}],"inLanguage":"nl-NL"},{"@type":"Organization","@id":"https://gitesdewallonie.be/nl/#organization","name":"Fédération des Gîtes et Chambres d'hôtes de Wallonie","alternateName":"GDW","url":"https://gitesdewallonie.be/nl/","logo":{"@type":"ImageObject","inLanguage":"nl-NL","@id":"https://gitesdewallonie.be/nl/#/schema/logo/image/","url":"https://gitesdewallonie.be/wp-content/uploads/2024/08/logo-gdw.svg","contentUrl":"https://gitesdewallonie.be/wp-content/uploads/2024/08/logo-gdw.svg","caption":"Fédération des Gîtes et Chambres d'hôtes de Wallonie"},"image":{"@id":"https://gitesdewallonie.be/nl/#/schema/logo/image/"},"sameAs":["https://www.facebook.com/GitesdeWallonie","https://www.instagram.com/gitesdewallonie.be/"]}]}</script>
<!-- / Yoast SEO Premium plugin. -->

Fédération des Gîtes et Chambres d'hôtes de Wallonie
