{"id":114855,"date":"2024-05-14T14:51:51","date_gmt":"2024-05-14T12:51:51","guid":{"rendered":"https:\/\/gitesdewallonie.be\/neem-contact-op-met\/bedankt-voor-uw-verzoek\/"},"modified":"2024-09-11T16:52:47","modified_gmt":"2024-09-11T14:52:47","slug":"bedankt-voor-uw-verzoek","status":"publish","type":"page","link":"https:\/\/gitesdewallonie.be\/nl\/neem-contact-op-met\/bedankt-voor-uw-verzoek\/","title":{"rendered":"Bedankt voor uw verzoek"},"content":{"rendered":"\n<figure class=\"wp-block-image aligncenter size-full\"><img decoding=\"async\" src=\"https:\/\/gitesdewallonie.be\/wp-content\/uploads\/2024\/05\/federation-gite-de-wallonie-contactez-nous-merci-1.svg\" alt=\"\" class=\"wp-image-85204\"\/><\/figure>\n\n<p class=\"has-text-align-center\" style=\"font-size:clamp(24.034px, 1.502rem + ((1vw - 3.2px) * 1.247), 40px);font-style:normal;font-weight:300\"><strong>We hebben je bericht ontvangen!<\/strong><br\/>We nemen zo snel mogelijk contact met je op.<\/p>\n\n<div style=\"height:50px\" aria-hidden=\"true\" class=\"wp-block-spacer\"><\/div>\n\n<div class=\"wp-block-buttons is-content-justification-center is-layout-flex wp-container-core-buttons-is-layout-a89b3969 wp-block-buttons-is-layout-flex\">\n<div class=\"wp-block-button-wrapper\"><div class=\"wp-block-button\"><a class=\"wp-block-button__link has-text-align-center wp-element-button\" href=\"https:\/\/gitesdewallonie.be\/nl\/\">Terug naar de startpagina<\/a><\/div><\/div>\n<\/div>\n\n<div style=\"height:100px\" aria-hidden=\"true\" class=\"wp-block-spacer\"><\/div>\n","protected":false},"excerpt":{"rendered":"We hebben je bericht ontvangen!We nemen zo snel mogelijk contact met je op.","protected":false},"author":1,"featured_media":0,"parent":114843,"menu_order":0,"comment_status":"closed","ping_status":"closed","template":"","meta":{"footnotes":""},"class_list":["post-114855","page","type-page","status-publish","hentry"],"yoast_head":"<!-- This site is optimized with the Yoast SEO Premium plugin v26.7 (Yoast SEO v26.7) - https:\/\/yoast.com\/wordpress\/plugins\/seo\/ -->\n<title>Bedankt voor uw verzoek - gitesdewallonie.be<\/title>\n<meta name=\"robots\" content=\"index, follow, max-snippet:-1, max-image-preview:large, max-video-preview:-1\" \/>\n<link rel=\"canonical\" href=\"https:\/\/gitesdewallonie.be\/nl\/neem-contact-op-met\/bedankt-voor-uw-verzoek\/\" \/>\n<meta property=\"og:locale\" content=\"nl_NL\" \/>\n<meta property=\"og:type\" content=\"article\" \/>\n<meta property=\"og:title\" content=\"Bedankt voor uw verzoek\" \/>\n<meta property=\"og:description\" content=\"We hebben je bericht ontvangen!We nemen zo snel mogelijk contact met je op.\" \/>\n<meta property=\"og:url\" content=\"https:\/\/gitesdewallonie.be\/nl\/neem-contact-op-met\/bedankt-voor-uw-verzoek\/\" \/>\n<meta property=\"og:site_name\" content=\"gitesdewallonie.be\" \/>\n<meta property=\"article:publisher\" content=\"https:\/\/www.facebook.com\/GitesdeWallonie\" \/>\n<meta property=\"article:modified_time\" content=\"2024-09-11T14:52:47+00:00\" \/>\n<meta property=\"og:image\" content=\"https:\/\/gitesdewallonie.be\/wp-content\/uploads\/2024\/05\/federation-gite-de-wallonie-contactez-nous-merci-1.svg\" \/>\n<meta name=\"twitter:card\" content=\"summary_large_image\" \/>\n<script type=\"application\/ld+json\" class=\"yoast-schema-graph\">{\"@context\":\"https:\/\/schema.org\",\"@graph\":[{\"@type\":\"WebPage\",\"@id\":\"https:\/\/gitesdewallonie.be\/nl\/neem-contact-op-met\/bedankt-voor-uw-verzoek\/\",\"url\":\"https:\/\/gitesdewallonie.be\/nl\/neem-contact-op-met\/bedankt-voor-uw-verzoek\/\",\"name\":\"Bedankt voor uw verzoek - gitesdewallonie.be\",\"isPartOf\":{\"@id\":\"https:\/\/gitesdewallonie.be\/nl\/#website\"},\"primaryImageOfPage\":{\"@id\":\"https:\/\/gitesdewallonie.be\/nl\/neem-contact-op-met\/bedankt-voor-uw-verzoek\/#primaryimage\"},\"image\":{\"@id\":\"https:\/\/gitesdewallonie.be\/nl\/neem-contact-op-met\/bedankt-voor-uw-verzoek\/#primaryimage\"},\"thumbnailUrl\":\"https:\/\/gitesdewallonie.be\/wp-content\/uploads\/2024\/05\/federation-gite-de-wallonie-contactez-nous-merci-1.svg\",\"datePublished\":\"2024-05-14T12:51:51+00:00\",\"dateModified\":\"2024-09-11T14:52:47+00:00\",\"breadcrumb\":{\"@id\":\"https:\/\/gitesdewallonie.be\/nl\/neem-contact-op-met\/bedankt-voor-uw-verzoek\/#breadcrumb\"},\"inLanguage\":\"nl-NL\",\"potentialAction\":[{\"@type\":\"ReadAction\",\"target\":[\"https:\/\/gitesdewallonie.be\/nl\/neem-contact-op-met\/bedankt-voor-uw-verzoek\/\"]}]},{\"@type\":\"ImageObject\",\"inLanguage\":\"nl-NL\",\"@id\":\"https:\/\/gitesdewallonie.be\/nl\/neem-contact-op-met\/bedankt-voor-uw-verzoek\/#primaryimage\",\"url\":\"https:\/\/gitesdewallonie.be\/wp-content\/uploads\/2024\/05\/federation-gite-de-wallonie-contactez-nous-merci-1.svg\",\"contentUrl\":\"https:\/\/gitesdewallonie.be\/wp-content\/uploads\/2024\/05\/federation-gite-de-wallonie-contactez-nous-merci-1.svg\"},{\"@type\":\"BreadcrumbList\",\"@id\":\"https:\/\/gitesdewallonie.be\/nl\/neem-contact-op-met\/bedankt-voor-uw-verzoek\/#breadcrumb\",\"itemListElement\":[{\"@type\":\"ListItem\",\"position\":1,\"name\":\"Accueil\",\"item\":\"https:\/\/gitesdewallonie.be\/nl\/\"},{\"@type\":\"ListItem\",\"position\":2,\"name\":\"Neem contact op met\",\"item\":\"https:\/\/gitesdewallonie.be\/nl\/neem-contact-op-met\/\"},{\"@type\":\"ListItem\",\"position\":3,\"name\":\"Bedankt voor uw verzoek\"}]},{\"@type\":\"WebSite\",\"@id\":\"https:\/\/gitesdewallonie.be\/nl\/#website\",\"url\":\"https:\/\/gitesdewallonie.be\/nl\/\",\"name\":\"F\u00e9d\u00e9ration des G\u00eetes et Chambres d'h\u00f4tes de Wallonie\",\"description\":\"\",\"publisher\":{\"@id\":\"https:\/\/gitesdewallonie.be\/nl\/#organization\"},\"potentialAction\":[{\"@type\":\"SearchAction\",\"target\":{\"@type\":\"EntryPoint\",\"urlTemplate\":\"https:\/\/gitesdewallonie.be\/nl\/?s={search_term_string}\"},\"query-input\":{\"@type\":\"PropertyValueSpecification\",\"valueRequired\":true,\"valueName\":\"search_term_string\"}}],\"inLanguage\":\"nl-NL\"},{\"@type\":\"Organization\",\"@id\":\"https:\/\/gitesdewallonie.be\/nl\/#organization\",\"name\":\"F\u00e9d\u00e9ration des G\u00eetes et Chambres d'h\u00f4tes de Wallonie\",\"alternateName\":\"GDW\",\"url\":\"https:\/\/gitesdewallonie.be\/nl\/\",\"logo\":{\"@type\":\"ImageObject\",\"inLanguage\":\"nl-NL\",\"@id\":\"https:\/\/gitesdewallonie.be\/nl\/#\/schema\/logo\/image\/\",\"url\":\"https:\/\/gitesdewallonie.be\/wp-content\/uploads\/2024\/08\/logo-gdw.svg\",\"contentUrl\":\"https:\/\/gitesdewallonie.be\/wp-content\/uploads\/2024\/08\/logo-gdw.svg\",\"caption\":\"F\u00e9d\u00e9ration des G\u00eetes et Chambres d'h\u00f4tes de Wallonie\"},\"image\":{\"@id\":\"https:\/\/gitesdewallonie.be\/nl\/#\/schema\/logo\/image\/\"},\"sameAs\":[\"https:\/\/www.facebook.com\/GitesdeWallonie\",\"https:\/\/www.instagram.com\/gitesdewallonie.be\/\"]}]}<\/script>\n<!-- \/ Yoast SEO Premium plugin. -->","yoast_head_json":{"title":"Bedankt voor uw verzoek - gitesdewallonie.be","robots":{"index":"index","follow":"follow","max-snippet":"max-snippet:-1","max-image-preview":"max-image-preview:large","max-video-preview":"max-video-preview:-1"},"canonical":"https:\/\/gitesdewallonie.be\/nl\/neem-contact-op-met\/bedankt-voor-uw-verzoek\/","og_locale":"nl_NL","og_type":"article","og_title":"Bedankt voor uw verzoek","og_description":"We hebben je bericht ontvangen!We nemen zo snel mogelijk contact met je op.","og_url":"https:\/\/gitesdewallonie.be\/nl\/neem-contact-op-met\/bedankt-voor-uw-verzoek\/","og_site_name":"gitesdewallonie.be","article_publisher":"https:\/\/www.facebook.com\/GitesdeWallonie","article_modified_time":"2024-09-11T14:52:47+00:00","og_image":[{"url":"https:\/\/gitesdewallonie.be\/wp-content\/uploads\/2024\/05\/federation-gite-de-wallonie-contactez-nous-merci-1.svg","type":"","width":"","height":""}],"twitter_card":"summary_large_image","schema":{"@context":"https:\/\/schema.org","@graph":[{"@type":"WebPage","@id":"https:\/\/gitesdewallonie.be\/nl\/neem-contact-op-met\/bedankt-voor-uw-verzoek\/","url":"https:\/\/gitesdewallonie.be\/nl\/neem-contact-op-met\/bedankt-voor-uw-verzoek\/","name":"Bedankt voor uw verzoek - gitesdewallonie.be","isPartOf":{"@id":"https:\/\/gitesdewallonie.be\/nl\/#website"},"primaryImageOfPage":{"@id":"https:\/\/gitesdewallonie.be\/nl\/neem-contact-op-met\/bedankt-voor-uw-verzoek\/#primaryimage"},"image":{"@id":"https:\/\/gitesdewallonie.be\/nl\/neem-contact-op-met\/bedankt-voor-uw-verzoek\/#primaryimage"},"thumbnailUrl":"https:\/\/gitesdewallonie.be\/wp-content\/uploads\/2024\/05\/federation-gite-de-wallonie-contactez-nous-merci-1.svg","datePublished":"2024-05-14T12:51:51+00:00","dateModified":"2024-09-11T14:52:47+00:00","breadcrumb":{"@id":"https:\/\/gitesdewallonie.be\/nl\/neem-contact-op-met\/bedankt-voor-uw-verzoek\/#breadcrumb"},"inLanguage":"nl-NL","potentialAction":[{"@type":"ReadAction","target":["https:\/\/gitesdewallonie.be\/nl\/neem-contact-op-met\/bedankt-voor-uw-verzoek\/"]}]},{"@type":"ImageObject","inLanguage":"nl-NL","@id":"https:\/\/gitesdewallonie.be\/nl\/neem-contact-op-met\/bedankt-voor-uw-verzoek\/#primaryimage","url":"https:\/\/gitesdewallonie.be\/wp-content\/uploads\/2024\/05\/federation-gite-de-wallonie-contactez-nous-merci-1.svg","contentUrl":"https:\/\/gitesdewallonie.be\/wp-content\/uploads\/2024\/05\/federation-gite-de-wallonie-contactez-nous-merci-1.svg"},{"@type":"BreadcrumbList","@id":"https:\/\/gitesdewallonie.be\/nl\/neem-contact-op-met\/bedankt-voor-uw-verzoek\/#breadcrumb","itemListElement":[{"@type":"ListItem","position":1,"name":"Accueil","item":"https:\/\/gitesdewallonie.be\/nl\/"},{"@type":"ListItem","position":2,"name":"Neem contact op met","item":"https:\/\/gitesdewallonie.be\/nl\/neem-contact-op-met\/"},{"@type":"ListItem","position":3,"name":"Bedankt voor uw verzoek"}]},{"@type":"WebSite","@id":"https:\/\/gitesdewallonie.be\/nl\/#website","url":"https:\/\/gitesdewallonie.be\/nl\/","name":"F\u00e9d\u00e9ration des G\u00eetes et Chambres d'h\u00f4tes de Wallonie","description":"","publisher":{"@id":"https:\/\/gitesdewallonie.be\/nl\/#organization"},"potentialAction":[{"@type":"SearchAction","target":{"@type":"EntryPoint","urlTemplate":"https:\/\/gitesdewallonie.be\/nl\/?s={search_term_string}"},"query-input":{"@type":"PropertyValueSpecification","valueRequired":true,"valueName":"search_term_string"}}],"inLanguage":"nl-NL"},{"@type":"Organization","@id":"https:\/\/gitesdewallonie.be\/nl\/#organization","name":"F\u00e9d\u00e9ration des G\u00eetes et Chambres d'h\u00f4tes de Wallonie","alternateName":"GDW","url":"https:\/\/gitesdewallonie.be\/nl\/","logo":{"@type":"ImageObject","inLanguage":"nl-NL","@id":"https:\/\/gitesdewallonie.be\/nl\/#\/schema\/logo\/image\/","url":"https:\/\/gitesdewallonie.be\/wp-content\/uploads\/2024\/08\/logo-gdw.svg","contentUrl":"https:\/\/gitesdewallonie.be\/wp-content\/uploads\/2024\/08\/logo-gdw.svg","caption":"F\u00e9d\u00e9ration des G\u00eetes et Chambres d'h\u00f4tes de Wallonie"},"image":{"@id":"https:\/\/gitesdewallonie.be\/nl\/#\/schema\/logo\/image\/"},"sameAs":["https:\/\/www.facebook.com\/GitesdeWallonie","https:\/\/www.instagram.com\/gitesdewallonie.be\/"]}]}},"_links":{"self":[{"href":"https:\/\/gitesdewallonie.be\/nl\/wp-json\/wp\/v2\/pages\/114855","targetHints":{"allow":["GET"]}}],"collection":[{"href":"https:\/\/gitesdewallonie.be\/nl\/wp-json\/wp\/v2\/pages"}],"about":[{"href":"https:\/\/gitesdewallonie.be\/nl\/wp-json\/wp\/v2\/types\/page"}],"author":[{"embeddable":true,"href":"https:\/\/gitesdewallonie.be\/nl\/wp-json\/wp\/v2\/users\/1"}],"replies":[{"embeddable":true,"href":"https:\/\/gitesdewallonie.be\/nl\/wp-json\/wp\/v2\/comments?post=114855"}],"version-history":[{"count":3,"href":"https:\/\/gitesdewallonie.be\/nl\/wp-json\/wp\/v2\/pages\/114855\/revisions"}],"predecessor-version":[{"id":114858,"href":"https:\/\/gitesdewallonie.be\/nl\/wp-json\/wp\/v2\/pages\/114855\/revisions\/114858"}],"up":[{"embeddable":true,"href":"https:\/\/gitesdewallonie.be\/nl\/wp-json\/wp\/v2\/pages\/114843"}],"wp:attachment":[{"href":"https:\/\/gitesdewallonie.be\/nl\/wp-json\/wp\/v2\/media?parent=114855"}],"curies":[{"name":"wp","href":"https:\/\/api.w.org\/{rel}","templated":true}]}}

<!-- This site is optimized with the Yoast SEO Premium plugin v26.7 (Yoast SEO v26.7) - https://yoast.com/wordpress/plugins/seo/ -->
<title>Bedankt voor uw verzoek - gitesdewallonie.be</title>
<meta name="robots" content="index, follow, max-snippet:-1, max-image-preview:large, max-video-preview:-1" />
<link rel="canonical" href="https://gitesdewallonie.be/nl/neem-contact-op-met/bedankt-voor-uw-verzoek/" />
<meta property="og:locale" content="nl_NL" />
<meta property="og:type" content="article" />
<meta property="og:title" content="Bedankt voor uw verzoek" />
<meta property="og:description" content="We hebben je bericht ontvangen!We nemen zo snel mogelijk contact met je op." />
<meta property="og:url" content="https://gitesdewallonie.be/nl/neem-contact-op-met/bedankt-voor-uw-verzoek/" />
<meta property="og:site_name" content="gitesdewallonie.be" />
<meta property="article:publisher" content="https://www.facebook.com/GitesdeWallonie" />
<meta property="article:modified_time" content="2024-09-11T14:52:47+00:00" />
<meta property="og:image" content="https://gitesdewallonie.be/wp-content/uploads/2024/05/federation-gite-de-wallonie-contactez-nous-merci-1.svg" />
<meta name="twitter:card" content="summary_large_image" />
<script type="application/ld+json" class="yoast-schema-graph">{"@context":"https://schema.org","@graph":[{"@type":"WebPage","@id":"https://gitesdewallonie.be/nl/neem-contact-op-met/bedankt-voor-uw-verzoek/","url":"https://gitesdewallonie.be/nl/neem-contact-op-met/bedankt-voor-uw-verzoek/","name":"Bedankt voor uw verzoek - gitesdewallonie.be","isPartOf":{"@id":"https://gitesdewallonie.be/nl/#website"},"primaryImageOfPage":{"@id":"https://gitesdewallonie.be/nl/neem-contact-op-met/bedankt-voor-uw-verzoek/#primaryimage"},"image":{"@id":"https://gitesdewallonie.be/nl/neem-contact-op-met/bedankt-voor-uw-verzoek/#primaryimage"},"thumbnailUrl":"https://gitesdewallonie.be/wp-content/uploads/2024/05/federation-gite-de-wallonie-contactez-nous-merci-1.svg","datePublished":"2024-05-14T12:51:51+00:00","dateModified":"2024-09-11T14:52:47+00:00","breadcrumb":{"@id":"https://gitesdewallonie.be/nl/neem-contact-op-met/bedankt-voor-uw-verzoek/#breadcrumb"},"inLanguage":"nl-NL","potentialAction":[{"@type":"ReadAction","target":["https://gitesdewallonie.be/nl/neem-contact-op-met/bedankt-voor-uw-verzoek/"]}]},{"@type":"ImageObject","inLanguage":"nl-NL","@id":"https://gitesdewallonie.be/nl/neem-contact-op-met/bedankt-voor-uw-verzoek/#primaryimage","url":"https://gitesdewallonie.be/wp-content/uploads/2024/05/federation-gite-de-wallonie-contactez-nous-merci-1.svg","contentUrl":"https://gitesdewallonie.be/wp-content/uploads/2024/05/federation-gite-de-wallonie-contactez-nous-merci-1.svg"},{"@type":"BreadcrumbList","@id":"https://gitesdewallonie.be/nl/neem-contact-op-met/bedankt-voor-uw-verzoek/#breadcrumb","itemListElement":[{"@type":"ListItem","position":1,"name":"Accueil","item":"https://gitesdewallonie.be/nl/"},{"@type":"ListItem","position":2,"name":"Neem contact op met","item":"https://gitesdewallonie.be/nl/neem-contact-op-met/"},{"@type":"ListItem","position":3,"name":"Bedankt voor uw verzoek"}]},{"@type":"WebSite","@id":"https://gitesdewallonie.be/nl/#website","url":"https://gitesdewallonie.be/nl/","name":"Fédération des Gîtes et Chambres d'hôtes de Wallonie","description":"","publisher":{"@id":"https://gitesdewallonie.be/nl/#organization"},"potentialAction":[{"@type":"SearchAction","target":{"@type":"EntryPoint","urlTemplate":"https://gitesdewallonie.be/nl/?s={search_term_string}"},"query-input":{"@type":"PropertyValueSpecification","valueRequired":true,"valueName":"search_term_string"}}],"inLanguage":"nl-NL"},{"@type":"Organization","@id":"https://gitesdewallonie.be/nl/#organization","name":"Fédération des Gîtes et Chambres d'hôtes de Wallonie","alternateName":"GDW","url":"https://gitesdewallonie.be/nl/","logo":{"@type":"ImageObject","inLanguage":"nl-NL","@id":"https://gitesdewallonie.be/nl/#/schema/logo/image/","url":"https://gitesdewallonie.be/wp-content/uploads/2024/08/logo-gdw.svg","contentUrl":"https://gitesdewallonie.be/wp-content/uploads/2024/08/logo-gdw.svg","caption":"Fédération des Gîtes et Chambres d'hôtes de Wallonie"},"image":{"@id":"https://gitesdewallonie.be/nl/#/schema/logo/image/"},"sameAs":["https://www.facebook.com/GitesdeWallonie","https://www.instagram.com/gitesdewallonie.be/"]}]}</script>
<!-- / Yoast SEO Premium plugin. -->

Fédération des Gîtes et Chambres d'hôtes de Wallonie
