{"id":112294,"date":"2024-08-27T09:11:07","date_gmt":"2024-08-27T07:11:07","guid":{"rendered":"https:\/\/gitesdewallonie.be\/blog\/room\/le-repos-du-nomade\/"},"modified":"2024-08-27T09:11:07","modified_gmt":"2024-08-27T07:11:07","slug":"le-repos-du-nomade","status":"publish","type":"room","link":"https:\/\/gitesdewallonie.be\/nl\/blog\/room\/le-repos-du-nomade\/","title":{"rendered":"Le Repos du Nomade"},"content":{"rendered":"","protected":false},"featured_media":0,"template":"","meta":{"lodging_pk":"3497","room_uid":"764d6ea565be4c26b9e28932918d3505","room_pk":"3498","room_description_fr":"<p>Tout en bois local, simple et tr\u00e8s chaleureux, notre B&B est con\u00e7u pour recevoir une famille ou un petit groupe (jusqu'\u00e0 7 personnes)\r\nLe prix indiqu\u00e9 est sans linge de lit. Il sera fourni sur demande ( 8 euros par personne)<\/p><p>La chambre situ\u00e9e au premier et deuxi\u00e8me \u00e9tages, tout en bois est modulable en fonction du nombre de nomades. Vous \u00eates 4: 2 lits doubles l'un discr\u00e8tement install\u00e9 derri\u00e8re sa cloison de bois, l'autre derri\u00e8re une tenture. Plus de 4 personnes ? Nous ouvrons la mezzanine et ses 3 lits simples.\r\nDans la premi\u00e8re partie de l'espace nuit, vous trouverez 2 douches, 2 lavabos, 2 WC, fauteuils et un petit bureau\r\n\r\nVous aurez acc\u00e8s au grand salon du rez-de-chauss\u00e9e, au jardin et \u00e0 la terrasse couverte et perch\u00e9e.\r\nA votre disposition: biblioth\u00e8que, jeux de soci\u00e9t\u00e9, barbecue gaz (en suppl\u00e9ment)<\/p>","room_description_nl":"<p>Alles is in hout uit de streek voor een eenvoudige en zeer warme look. Onze B&B is voorzien voor een gezin of een kleine groep (maximaal 7 personen).<\/p><p>Er is een eigen ingang waar u jassen en schoenen kunt achterlaten. De wenteltrap brengt u naar boven: een ruimte volledig in hout en aanpasbaar volgens het aantal nomaden: bent u met 4: 2 tweepersoonsbedden, waarvan \u00e9\u00e9n discreet ge\u00efnstalleerd achter de houten scheidingswand, de andere staat achter een gordijn. Zijn jullie met meer? Dan openen we de mezzanine en de 3 eenpersoonsbedden.\r\n2 douches, 2 wastafels, 2 toiletten, fauteuils, klein bureau\r\n\r\nU heeft toegang tot de grote woonkamer op de begane grond, de tuin en het overdekte en hooggelegen terras.\r\nTot uw beschikking: bibliotheek, gezelschapsspelen, BBK-gas (betalend)<\/p>","room_description_en":"<p>All in local wood, simple and very warm, our B&B is designed to accommodate a family or a small group (up to 7 people).<\/p><p>There is a private entrance where you can leave coats and shoes. The spiral staircase takes you upstairs to a fully-wooden space that is flexible to the number of guests. If you travel as a group of  4, there are 2 double beds, one bed discreetly installed behind its wooden partition, in the other bed you disappear behind a curtain. If you are a group with even more people, we can open up access to the attic and its 3 single beds.\r\nIncludes 2 showers, 2 sinks, 2 toilets, armchairs, small desk\r\n\r\nYou will have access to the large living room on the ground floor, to the garden and to the covered and perched terrace.\r\nAt your disposal: Library, board games, BBK gas (payable).<\/p>","room_min_capacity":"4","room_max_capacity":"7","room_number_of_bathrooms":"2","room_number_of_levels":"3","room_floor":"FirstFloor","room_size":"w3ab7edwcf","room_description":"","room_surface_area":"","room_video":"","lodging_min_night":"","lodging_elloha_offer_id":"a024d335-7f3b-4aec-a53f-24f338db5ba5","lodging_percent":"{\"rates\":{\"2025\":100},\"general\":100,\"equipments\":100,\"medias\":100,\"total\":100}"},"lodging_external_equipment":[8893,8894,8896,8898,9070],"lodging_household_appliances":[8882,8888,8891],"lodging_interior_equipment":[9042,8874,8879,8881],"lodging_sport_and_leisure":[],"lodging_type_of_stay":[],"lodging_adapted_to":[],"lodging_wellness":[],"lodging_baby":[],"lodging_car_motorcycle_bike":[8907,8908],"lodging_status":[167],"lodging_other_informations":[],"room_host_table":[],"class_list":["post-112294","room","type-room","status-publish","hentry","lodging_external_equipment-barbecue","lodging_external_equipment-borne-de-recharge-pour-voiture-electrique","lodging_external_equipment-jardin","lodging_external_equipment-terrasse","lodging_external_equipment-terrasse-couverte","lodging_household_appliances-bouilloire-electrique","lodging_household_appliances-machine-a-cafe","lodging_household_appliances-refrigerateur","lodging_interior_equipment-articles-de-toilette-gratuits","lodging_interior_equipment-bibliotheque","lodging_interior_equipment-seche-cheveux","lodging_interior_equipment-wi-fi","lodging_car_motorcycle_bike-local-a-velo","lodging_car_motorcycle_bike-parking-prive","lodging_status-published"],"yoast_head":"<!-- This site is optimized with the Yoast SEO Premium plugin v26.7 (Yoast SEO v26.7) - https:\/\/yoast.com\/wordpress\/plugins\/seo\/ -->\n<title>Le Repos du Nomade - gitesdewallonie.be<\/title>\n<meta name=\"robots\" content=\"noindex, follow\" \/>\n<meta property=\"og:locale\" content=\"nl_NL\" \/>\n<meta property=\"og:type\" content=\"article\" \/>\n<meta property=\"og:title\" content=\"Le Repos du Nomade\" \/>\n<meta property=\"og:url\" content=\"https:\/\/gitesdewallonie.be\/nl\/blog\/room\/le-repos-du-nomade\/\" \/>\n<meta property=\"og:site_name\" content=\"gitesdewallonie.be\" \/>\n<meta property=\"article:publisher\" content=\"https:\/\/www.facebook.com\/GitesdeWallonie\" \/>\n<meta name=\"twitter:card\" content=\"summary_large_image\" \/>\n<script type=\"application\/ld+json\" class=\"yoast-schema-graph\">{\"@context\":\"https:\/\/schema.org\",\"@graph\":[{\"@type\":\"WebPage\",\"@id\":\"https:\/\/gitesdewallonie.be\/nl\/blog\/room\/le-repos-du-nomade\/\",\"url\":\"https:\/\/gitesdewallonie.be\/nl\/blog\/room\/le-repos-du-nomade\/\",\"name\":\"Le Repos du Nomade - gitesdewallonie.be\",\"isPartOf\":{\"@id\":\"https:\/\/gitesdewallonie.be\/nl\/#website\"},\"datePublished\":\"2024-08-27T07:11:07+00:00\",\"breadcrumb\":{\"@id\":\"https:\/\/gitesdewallonie.be\/nl\/blog\/room\/le-repos-du-nomade\/#breadcrumb\"},\"inLanguage\":\"nl-NL\",\"potentialAction\":[{\"@type\":\"ReadAction\",\"target\":[\"https:\/\/gitesdewallonie.be\/nl\/blog\/room\/le-repos-du-nomade\/\"]}]},{\"@type\":\"BreadcrumbList\",\"@id\":\"https:\/\/gitesdewallonie.be\/nl\/blog\/room\/le-repos-du-nomade\/#breadcrumb\",\"itemListElement\":[{\"@type\":\"ListItem\",\"position\":1,\"name\":\"Accueil\",\"item\":\"https:\/\/gitesdewallonie.be\/nl\/\"},{\"@type\":\"ListItem\",\"position\":2,\"name\":\"Le Repos du Nomade\"}]},{\"@type\":\"WebSite\",\"@id\":\"https:\/\/gitesdewallonie.be\/nl\/#website\",\"url\":\"https:\/\/gitesdewallonie.be\/nl\/\",\"name\":\"F\u00e9d\u00e9ration des G\u00eetes et Chambres d'h\u00f4tes de Wallonie\",\"description\":\"\",\"publisher\":{\"@id\":\"https:\/\/gitesdewallonie.be\/nl\/#organization\"},\"potentialAction\":[{\"@type\":\"SearchAction\",\"target\":{\"@type\":\"EntryPoint\",\"urlTemplate\":\"https:\/\/gitesdewallonie.be\/nl\/?s={search_term_string}\"},\"query-input\":{\"@type\":\"PropertyValueSpecification\",\"valueRequired\":true,\"valueName\":\"search_term_string\"}}],\"inLanguage\":\"nl-NL\"},{\"@type\":\"Organization\",\"@id\":\"https:\/\/gitesdewallonie.be\/nl\/#organization\",\"name\":\"F\u00e9d\u00e9ration des G\u00eetes et Chambres d'h\u00f4tes de Wallonie\",\"alternateName\":\"GDW\",\"url\":\"https:\/\/gitesdewallonie.be\/nl\/\",\"logo\":{\"@type\":\"ImageObject\",\"inLanguage\":\"nl-NL\",\"@id\":\"https:\/\/gitesdewallonie.be\/nl\/#\/schema\/logo\/image\/\",\"url\":\"https:\/\/gitesdewallonie.be\/wp-content\/uploads\/2024\/08\/logo-gdw.svg\",\"contentUrl\":\"https:\/\/gitesdewallonie.be\/wp-content\/uploads\/2024\/08\/logo-gdw.svg\",\"caption\":\"F\u00e9d\u00e9ration des G\u00eetes et Chambres d'h\u00f4tes de Wallonie\"},\"image\":{\"@id\":\"https:\/\/gitesdewallonie.be\/nl\/#\/schema\/logo\/image\/\"},\"sameAs\":[\"https:\/\/www.facebook.com\/GitesdeWallonie\",\"https:\/\/www.instagram.com\/gitesdewallonie.be\/\"]}]}<\/script>\n<!-- \/ Yoast SEO Premium plugin. -->","yoast_head_json":{"title":"Le Repos du Nomade - gitesdewallonie.be","robots":{"index":"noindex","follow":"follow"},"og_locale":"nl_NL","og_type":"article","og_title":"Le Repos du Nomade","og_url":"https:\/\/gitesdewallonie.be\/nl\/blog\/room\/le-repos-du-nomade\/","og_site_name":"gitesdewallonie.be","article_publisher":"https:\/\/www.facebook.com\/GitesdeWallonie","twitter_card":"summary_large_image","schema":{"@context":"https:\/\/schema.org","@graph":[{"@type":"WebPage","@id":"https:\/\/gitesdewallonie.be\/nl\/blog\/room\/le-repos-du-nomade\/","url":"https:\/\/gitesdewallonie.be\/nl\/blog\/room\/le-repos-du-nomade\/","name":"Le Repos du Nomade - gitesdewallonie.be","isPartOf":{"@id":"https:\/\/gitesdewallonie.be\/nl\/#website"},"datePublished":"2024-08-27T07:11:07+00:00","breadcrumb":{"@id":"https:\/\/gitesdewallonie.be\/nl\/blog\/room\/le-repos-du-nomade\/#breadcrumb"},"inLanguage":"nl-NL","potentialAction":[{"@type":"ReadAction","target":["https:\/\/gitesdewallonie.be\/nl\/blog\/room\/le-repos-du-nomade\/"]}]},{"@type":"BreadcrumbList","@id":"https:\/\/gitesdewallonie.be\/nl\/blog\/room\/le-repos-du-nomade\/#breadcrumb","itemListElement":[{"@type":"ListItem","position":1,"name":"Accueil","item":"https:\/\/gitesdewallonie.be\/nl\/"},{"@type":"ListItem","position":2,"name":"Le Repos du Nomade"}]},{"@type":"WebSite","@id":"https:\/\/gitesdewallonie.be\/nl\/#website","url":"https:\/\/gitesdewallonie.be\/nl\/","name":"F\u00e9d\u00e9ration des G\u00eetes et Chambres d'h\u00f4tes de Wallonie","description":"","publisher":{"@id":"https:\/\/gitesdewallonie.be\/nl\/#organization"},"potentialAction":[{"@type":"SearchAction","target":{"@type":"EntryPoint","urlTemplate":"https:\/\/gitesdewallonie.be\/nl\/?s={search_term_string}"},"query-input":{"@type":"PropertyValueSpecification","valueRequired":true,"valueName":"search_term_string"}}],"inLanguage":"nl-NL"},{"@type":"Organization","@id":"https:\/\/gitesdewallonie.be\/nl\/#organization","name":"F\u00e9d\u00e9ration des G\u00eetes et Chambres d'h\u00f4tes de Wallonie","alternateName":"GDW","url":"https:\/\/gitesdewallonie.be\/nl\/","logo":{"@type":"ImageObject","inLanguage":"nl-NL","@id":"https:\/\/gitesdewallonie.be\/nl\/#\/schema\/logo\/image\/","url":"https:\/\/gitesdewallonie.be\/wp-content\/uploads\/2024\/08\/logo-gdw.svg","contentUrl":"https:\/\/gitesdewallonie.be\/wp-content\/uploads\/2024\/08\/logo-gdw.svg","caption":"F\u00e9d\u00e9ration des G\u00eetes et Chambres d'h\u00f4tes de Wallonie"},"image":{"@id":"https:\/\/gitesdewallonie.be\/nl\/#\/schema\/logo\/image\/"},"sameAs":["https:\/\/www.facebook.com\/GitesdeWallonie","https:\/\/www.instagram.com\/gitesdewallonie.be\/"]}]}},"_links":{"self":[{"href":"https:\/\/gitesdewallonie.be\/nl\/wp-json\/wp\/v2\/room\/112294","targetHints":{"allow":["GET"]}}],"collection":[{"href":"https:\/\/gitesdewallonie.be\/nl\/wp-json\/wp\/v2\/room"}],"about":[{"href":"https:\/\/gitesdewallonie.be\/nl\/wp-json\/wp\/v2\/types\/room"}],"wp:attachment":[{"href":"https:\/\/gitesdewallonie.be\/nl\/wp-json\/wp\/v2\/media?parent=112294"}],"wp:term":[{"taxonomy":"lodging_external_equipment","embeddable":true,"href":"https:\/\/gitesdewallonie.be\/nl\/wp-json\/wp\/v2\/lodging_external_equipment?post=112294"},{"taxonomy":"lodging_household_appliances","embeddable":true,"href":"https:\/\/gitesdewallonie.be\/nl\/wp-json\/wp\/v2\/lodging_household_appliances?post=112294"},{"taxonomy":"lodging_interior_equipment","embeddable":true,"href":"https:\/\/gitesdewallonie.be\/nl\/wp-json\/wp\/v2\/lodging_interior_equipment?post=112294"},{"taxonomy":"lodging_sport_and_leisure","embeddable":true,"href":"https:\/\/gitesdewallonie.be\/nl\/wp-json\/wp\/v2\/lodging_sport_and_leisure?post=112294"},{"taxonomy":"lodging_type_of_stay","embeddable":true,"href":"https:\/\/gitesdewallonie.be\/nl\/wp-json\/wp\/v2\/lodging_type_of_stay?post=112294"},{"taxonomy":"lodging_adapted_to","embeddable":true,"href":"https:\/\/gitesdewallonie.be\/nl\/wp-json\/wp\/v2\/lodging_adapted_to?post=112294"},{"taxonomy":"lodging_wellness","embeddable":true,"href":"https:\/\/gitesdewallonie.be\/nl\/wp-json\/wp\/v2\/lodging_wellness?post=112294"},{"taxonomy":"lodging_baby","embeddable":true,"href":"https:\/\/gitesdewallonie.be\/nl\/wp-json\/wp\/v2\/lodging_baby?post=112294"},{"taxonomy":"lodging_car_motorcycle_bike","embeddable":true,"href":"https:\/\/gitesdewallonie.be\/nl\/wp-json\/wp\/v2\/lodging_car_motorcycle_bike?post=112294"},{"taxonomy":"lodging_status","embeddable":true,"href":"https:\/\/gitesdewallonie.be\/nl\/wp-json\/wp\/v2\/lodging_status?post=112294"},{"taxonomy":"lodging_other_informations","embeddable":true,"href":"https:\/\/gitesdewallonie.be\/nl\/wp-json\/wp\/v2\/lodging_other_informations?post=112294"},{"taxonomy":"room_host_table","embeddable":true,"href":"https:\/\/gitesdewallonie.be\/nl\/wp-json\/wp\/v2\/room_host_table?post=112294"}],"curies":[{"name":"wp","href":"https:\/\/api.w.org\/{rel}","templated":true}]}}

<p>Tout en bois local, simple et très chaleureux, notre B&B est conçu pour recevoir une famille ou un petit groupe (jusqu'à 7 personnes)
Le prix indiqué est sans linge de lit. Il sera fourni sur demande ( 8 euros par personne)</p><p>La chambre située au premier et deuxième étages, tout en bois est modulable en fonction du nombre de nomades. Vous êtes 4: 2 lits doubles l'un discrètement installé derrière sa cloison de bois, l'autre derrière une tenture. Plus de 4 personnes ? Nous ouvrons la mezzanine et ses 3 lits simples.
Dans la première partie de l'espace nuit, vous trouverez 2 douches, 2 lavabos, 2 WC, fauteuils et un petit bureau

Vous aurez accès au grand salon du rez-de-chaussée, au jardin et à la terrasse couverte et perchée.
A votre disposition: bibliothèque, jeux de société, barbecue gaz (en supplément)</p>

<p>Alles is in hout uit de streek voor een eenvoudige en zeer warme look. Onze B&B is voorzien voor een gezin of een kleine groep (maximaal 7 personen).</p><p>Er is een eigen ingang waar u jassen en schoenen kunt achterlaten. De wenteltrap brengt u naar boven: een ruimte volledig in hout en aanpasbaar volgens het aantal nomaden: bent u met 4: 2 tweepersoonsbedden, waarvan één discreet geïnstalleerd achter de houten scheidingswand, de andere staat achter een gordijn. Zijn jullie met meer? Dan openen we de mezzanine en de 3 eenpersoonsbedden.
2 douches, 2 wastafels, 2 toiletten, fauteuils, klein bureau

U heeft toegang tot de grote woonkamer op de begane grond, de tuin en het overdekte en hooggelegen terras.
Tot uw beschikking: bibliotheek, gezelschapsspelen, BBK-gas (betalend)</p>

<!-- This site is optimized with the Yoast SEO Premium plugin v26.7 (Yoast SEO v26.7) - https://yoast.com/wordpress/plugins/seo/ -->
<title>Le Repos du Nomade - gitesdewallonie.be</title>
<meta name="robots" content="noindex, follow" />
<meta property="og:locale" content="nl_NL" />
<meta property="og:type" content="article" />
<meta property="og:title" content="Le Repos du Nomade" />
<meta property="og:url" content="https://gitesdewallonie.be/nl/blog/room/le-repos-du-nomade/" />
<meta property="og:site_name" content="gitesdewallonie.be" />
<meta property="article:publisher" content="https://www.facebook.com/GitesdeWallonie" />
<meta name="twitter:card" content="summary_large_image" />
<script type="application/ld+json" class="yoast-schema-graph">{"@context":"https://schema.org","@graph":[{"@type":"WebPage","@id":"https://gitesdewallonie.be/nl/blog/room/le-repos-du-nomade/","url":"https://gitesdewallonie.be/nl/blog/room/le-repos-du-nomade/","name":"Le Repos du Nomade - gitesdewallonie.be","isPartOf":{"@id":"https://gitesdewallonie.be/nl/#website"},"datePublished":"2024-08-27T07:11:07+00:00","breadcrumb":{"@id":"https://gitesdewallonie.be/nl/blog/room/le-repos-du-nomade/#breadcrumb"},"inLanguage":"nl-NL","potentialAction":[{"@type":"ReadAction","target":["https://gitesdewallonie.be/nl/blog/room/le-repos-du-nomade/"]}]},{"@type":"BreadcrumbList","@id":"https://gitesdewallonie.be/nl/blog/room/le-repos-du-nomade/#breadcrumb","itemListElement":[{"@type":"ListItem","position":1,"name":"Accueil","item":"https://gitesdewallonie.be/nl/"},{"@type":"ListItem","position":2,"name":"Le Repos du Nomade"}]},{"@type":"WebSite","@id":"https://gitesdewallonie.be/nl/#website","url":"https://gitesdewallonie.be/nl/","name":"Fédération des Gîtes et Chambres d'hôtes de Wallonie","description":"","publisher":{"@id":"https://gitesdewallonie.be/nl/#organization"},"potentialAction":[{"@type":"SearchAction","target":{"@type":"EntryPoint","urlTemplate":"https://gitesdewallonie.be/nl/?s={search_term_string}"},"query-input":{"@type":"PropertyValueSpecification","valueRequired":true,"valueName":"search_term_string"}}],"inLanguage":"nl-NL"},{"@type":"Organization","@id":"https://gitesdewallonie.be/nl/#organization","name":"Fédération des Gîtes et Chambres d'hôtes de Wallonie","alternateName":"GDW","url":"https://gitesdewallonie.be/nl/","logo":{"@type":"ImageObject","inLanguage":"nl-NL","@id":"https://gitesdewallonie.be/nl/#/schema/logo/image/","url":"https://gitesdewallonie.be/wp-content/uploads/2024/08/logo-gdw.svg","contentUrl":"https://gitesdewallonie.be/wp-content/uploads/2024/08/logo-gdw.svg","caption":"Fédération des Gîtes et Chambres d'hôtes de Wallonie"},"image":{"@id":"https://gitesdewallonie.be/nl/#/schema/logo/image/"},"sameAs":["https://www.facebook.com/GitesdeWallonie","https://www.instagram.com/gitesdewallonie.be/"]}]}</script>
<!-- / Yoast SEO Premium plugin. -->

Fédération des Gîtes et Chambres d'hôtes de Wallonie
