{"id":113795,"date":"2024-08-27T09:17:32","date_gmt":"2024-08-27T07:17:32","guid":{"rendered":"https:\/\/gitesdewallonie.be\/blog\/room\/ernest\/"},"modified":"2024-08-27T09:17:32","modified_gmt":"2024-08-27T07:17:32","slug":"ernest","status":"publish","type":"room","link":"https:\/\/gitesdewallonie.be\/nl\/blog\/room\/ernest\/","title":{"rendered":"Ernest"},"content":{"rendered":"","protected":false},"featured_media":0,"template":"","meta":{"lodging_pk":"3173","room_uid":"b36b85d1d35e41fa80e93725e789b2e2","room_pk":"3175","room_description_fr":"<p>Chambres d\u2019h\u00f4tes chaleureuse lit double (180\u00d7200) ou 2 lits simples (90x 200) avec salle de bain priv\u00e9e, serviettes de bain et peignoir \u00e0 votre disposition.<\/p><p>Charmante chambre d'h\u00f4tes dans une maison en pierre du pays, au c\u0153ur d'un village calme. Dans un cadre verdoyant, \u00e0 proximit\u00e9 de Dinant, Maredsous, Treignes, Mariembourg, des Lacs de l'Eau d'Heure, du Lac de Bambois, \u00e0 10 min du circuit de Mettet et de la Vall\u00e9e de la Molign\u00e9e. Commerces et restaurants \u00e0 proximit\u00e9... Venez s\u00e9journer dans nos chambres de charme, profiter du jardin et d\u00e9couvrir nos d\u00e9jeuners gourmands, sp\u00e9cialit\u00e9s culinaires maison et cuisine du terroir.<\/p>","room_description_nl":"<p>Gezellige gastenkamers met een tweepersoonsbed (180 \u00d7 200) of 2 enkele bedden (90x 200) met eigen badkamer, handdoeken en badjas tot uw beschikking.<\/p><p>Charmante gastenkamer in een huis van lokale steen, in het hart van een rustig dorp. In de groene omgeving van Dinant, Maredsous, Treignes, Mariembourg, Lacs de l'Eau d'Heure, Lac de Bambois, 10 minuten van het circuit van Mettet en de Vallei van de Molign\u00e9e. Winkels en restaurants in de buurt....... Kom en verblijf in onze charmante kamers, geniet van de tuin en ontdek onze gastronomische lunches, zelfgemaakte culinaire specialiteiten en de lokale keuken.<\/p>","room_description_en":"<p>Warm and cosy ensuite bedroom with king size bed (180 x 200 cm) or 2 single beds including bath towels and bathrobe.<\/p><p>Charming guest bedroom in a B&B made of local stone in the heart of a calm village. In a green setting, near Dinant,  Maredsous, Treignes, Mariembourg and the lakes of Eau d'Heure and Bambois.  Only 10 minutes from the Mettet trail and the Molign\u00e9e Valley. You are near all shops and restaurants. So come stay in our charming bedrooms, make the most of the garden and discover our generous breakfasts as well as our homemade traditional cuisine made from natural produce from the local area.<\/p>","room_min_capacity":"2","room_max_capacity":"2","room_number_of_bathrooms":"1","room_number_of_levels":"1","room_floor":"FirstFloor","room_size":"1Simple","room_description":"","room_surface_area":"","room_video":"","lodging_min_night":"","lodging_elloha_offer_id":"329df78e-b84d-45b1-a492-b4b2615f6249","lodging_percent":"{\"general\":100,\"equipments\":100,\"medias\":50,\"total\":83}"},"lodging_external_equipment":[8896,8897,8898],"lodging_household_appliances":[8882,9020,8891],"lodging_interior_equipment":[9042,9043,9151,8877,8879,9035,8880,8881],"lodging_sport_and_leisure":[],"lodging_type_of_stay":[],"lodging_adapted_to":[],"lodging_wellness":[9087],"lodging_baby":[8904],"lodging_car_motorcycle_bike":[8908],"lodging_status":[167],"lodging_other_informations":[],"room_host_table":[8865],"class_list":["post-113795","room","type-room","status-publish","hentry","lodging_external_equipment-jardin","lodging_external_equipment-salon-de-jardin","lodging_external_equipment-terrasse","lodging_household_appliances-bouilloire-electrique","lodging_household_appliances-cafetiere","lodging_household_appliances-refrigerateur","lodging_interior_equipment-articles-de-toilette-gratuits","lodging_interior_equipment-bureau","lodging_interior_equipment-peignoir","lodging_interior_equipment-penderie","lodging_interior_equipment-seche-cheveux","lodging_interior_equipment-serviettes-de-toilette","lodging_interior_equipment-television","lodging_interior_equipment-wi-fi","lodging_wellness-piscine-exterieure","lodging_baby-chaise-pour-enfant","lodging_car_motorcycle_bike-parking-prive","lodging_status-published","room_host_table-family_review"],"yoast_head":"<!-- This site is optimized with the Yoast SEO Premium plugin v26.7 (Yoast SEO v26.7) - https:\/\/yoast.com\/wordpress\/plugins\/seo\/ -->\n<title>Ernest - gitesdewallonie.be<\/title>\n<meta name=\"robots\" content=\"noindex, follow\" \/>\n<meta property=\"og:locale\" content=\"nl_NL\" \/>\n<meta property=\"og:type\" content=\"article\" \/>\n<meta property=\"og:title\" content=\"Ernest\" \/>\n<meta property=\"og:url\" content=\"https:\/\/gitesdewallonie.be\/nl\/blog\/room\/ernest\/\" \/>\n<meta property=\"og:site_name\" content=\"gitesdewallonie.be\" \/>\n<meta property=\"article:publisher\" content=\"https:\/\/www.facebook.com\/GitesdeWallonie\" \/>\n<meta name=\"twitter:card\" content=\"summary_large_image\" \/>\n<script type=\"application\/ld+json\" class=\"yoast-schema-graph\">{\"@context\":\"https:\/\/schema.org\",\"@graph\":[{\"@type\":\"WebPage\",\"@id\":\"https:\/\/gitesdewallonie.be\/nl\/blog\/room\/ernest\/\",\"url\":\"https:\/\/gitesdewallonie.be\/nl\/blog\/room\/ernest\/\",\"name\":\"Ernest - gitesdewallonie.be\",\"isPartOf\":{\"@id\":\"https:\/\/gitesdewallonie.be\/nl\/#website\"},\"datePublished\":\"2024-08-27T07:17:32+00:00\",\"breadcrumb\":{\"@id\":\"https:\/\/gitesdewallonie.be\/nl\/blog\/room\/ernest\/#breadcrumb\"},\"inLanguage\":\"nl-NL\",\"potentialAction\":[{\"@type\":\"ReadAction\",\"target\":[\"https:\/\/gitesdewallonie.be\/nl\/blog\/room\/ernest\/\"]}]},{\"@type\":\"BreadcrumbList\",\"@id\":\"https:\/\/gitesdewallonie.be\/nl\/blog\/room\/ernest\/#breadcrumb\",\"itemListElement\":[{\"@type\":\"ListItem\",\"position\":1,\"name\":\"Accueil\",\"item\":\"https:\/\/gitesdewallonie.be\/nl\/\"},{\"@type\":\"ListItem\",\"position\":2,\"name\":\"Ernest\"}]},{\"@type\":\"WebSite\",\"@id\":\"https:\/\/gitesdewallonie.be\/nl\/#website\",\"url\":\"https:\/\/gitesdewallonie.be\/nl\/\",\"name\":\"F\u00e9d\u00e9ration des G\u00eetes et Chambres d'h\u00f4tes de Wallonie\",\"description\":\"\",\"publisher\":{\"@id\":\"https:\/\/gitesdewallonie.be\/nl\/#organization\"},\"potentialAction\":[{\"@type\":\"SearchAction\",\"target\":{\"@type\":\"EntryPoint\",\"urlTemplate\":\"https:\/\/gitesdewallonie.be\/nl\/?s={search_term_string}\"},\"query-input\":{\"@type\":\"PropertyValueSpecification\",\"valueRequired\":true,\"valueName\":\"search_term_string\"}}],\"inLanguage\":\"nl-NL\"},{\"@type\":\"Organization\",\"@id\":\"https:\/\/gitesdewallonie.be\/nl\/#organization\",\"name\":\"F\u00e9d\u00e9ration des G\u00eetes et Chambres d'h\u00f4tes de Wallonie\",\"alternateName\":\"GDW\",\"url\":\"https:\/\/gitesdewallonie.be\/nl\/\",\"logo\":{\"@type\":\"ImageObject\",\"inLanguage\":\"nl-NL\",\"@id\":\"https:\/\/gitesdewallonie.be\/nl\/#\/schema\/logo\/image\/\",\"url\":\"https:\/\/gitesdewallonie.be\/wp-content\/uploads\/2024\/08\/logo-gdw.svg\",\"contentUrl\":\"https:\/\/gitesdewallonie.be\/wp-content\/uploads\/2024\/08\/logo-gdw.svg\",\"caption\":\"F\u00e9d\u00e9ration des G\u00eetes et Chambres d'h\u00f4tes de Wallonie\"},\"image\":{\"@id\":\"https:\/\/gitesdewallonie.be\/nl\/#\/schema\/logo\/image\/\"},\"sameAs\":[\"https:\/\/www.facebook.com\/GitesdeWallonie\",\"https:\/\/www.instagram.com\/gitesdewallonie.be\/\"]}]}<\/script>\n<!-- \/ Yoast SEO Premium plugin. -->","yoast_head_json":{"title":"Ernest - gitesdewallonie.be","robots":{"index":"noindex","follow":"follow"},"og_locale":"nl_NL","og_type":"article","og_title":"Ernest","og_url":"https:\/\/gitesdewallonie.be\/nl\/blog\/room\/ernest\/","og_site_name":"gitesdewallonie.be","article_publisher":"https:\/\/www.facebook.com\/GitesdeWallonie","twitter_card":"summary_large_image","schema":{"@context":"https:\/\/schema.org","@graph":[{"@type":"WebPage","@id":"https:\/\/gitesdewallonie.be\/nl\/blog\/room\/ernest\/","url":"https:\/\/gitesdewallonie.be\/nl\/blog\/room\/ernest\/","name":"Ernest - gitesdewallonie.be","isPartOf":{"@id":"https:\/\/gitesdewallonie.be\/nl\/#website"},"datePublished":"2024-08-27T07:17:32+00:00","breadcrumb":{"@id":"https:\/\/gitesdewallonie.be\/nl\/blog\/room\/ernest\/#breadcrumb"},"inLanguage":"nl-NL","potentialAction":[{"@type":"ReadAction","target":["https:\/\/gitesdewallonie.be\/nl\/blog\/room\/ernest\/"]}]},{"@type":"BreadcrumbList","@id":"https:\/\/gitesdewallonie.be\/nl\/blog\/room\/ernest\/#breadcrumb","itemListElement":[{"@type":"ListItem","position":1,"name":"Accueil","item":"https:\/\/gitesdewallonie.be\/nl\/"},{"@type":"ListItem","position":2,"name":"Ernest"}]},{"@type":"WebSite","@id":"https:\/\/gitesdewallonie.be\/nl\/#website","url":"https:\/\/gitesdewallonie.be\/nl\/","name":"F\u00e9d\u00e9ration des G\u00eetes et Chambres d'h\u00f4tes de Wallonie","description":"","publisher":{"@id":"https:\/\/gitesdewallonie.be\/nl\/#organization"},"potentialAction":[{"@type":"SearchAction","target":{"@type":"EntryPoint","urlTemplate":"https:\/\/gitesdewallonie.be\/nl\/?s={search_term_string}"},"query-input":{"@type":"PropertyValueSpecification","valueRequired":true,"valueName":"search_term_string"}}],"inLanguage":"nl-NL"},{"@type":"Organization","@id":"https:\/\/gitesdewallonie.be\/nl\/#organization","name":"F\u00e9d\u00e9ration des G\u00eetes et Chambres d'h\u00f4tes de Wallonie","alternateName":"GDW","url":"https:\/\/gitesdewallonie.be\/nl\/","logo":{"@type":"ImageObject","inLanguage":"nl-NL","@id":"https:\/\/gitesdewallonie.be\/nl\/#\/schema\/logo\/image\/","url":"https:\/\/gitesdewallonie.be\/wp-content\/uploads\/2024\/08\/logo-gdw.svg","contentUrl":"https:\/\/gitesdewallonie.be\/wp-content\/uploads\/2024\/08\/logo-gdw.svg","caption":"F\u00e9d\u00e9ration des G\u00eetes et Chambres d'h\u00f4tes de Wallonie"},"image":{"@id":"https:\/\/gitesdewallonie.be\/nl\/#\/schema\/logo\/image\/"},"sameAs":["https:\/\/www.facebook.com\/GitesdeWallonie","https:\/\/www.instagram.com\/gitesdewallonie.be\/"]}]}},"_links":{"self":[{"href":"https:\/\/gitesdewallonie.be\/nl\/wp-json\/wp\/v2\/room\/113795","targetHints":{"allow":["GET"]}}],"collection":[{"href":"https:\/\/gitesdewallonie.be\/nl\/wp-json\/wp\/v2\/room"}],"about":[{"href":"https:\/\/gitesdewallonie.be\/nl\/wp-json\/wp\/v2\/types\/room"}],"wp:attachment":[{"href":"https:\/\/gitesdewallonie.be\/nl\/wp-json\/wp\/v2\/media?parent=113795"}],"wp:term":[{"taxonomy":"lodging_external_equipment","embeddable":true,"href":"https:\/\/gitesdewallonie.be\/nl\/wp-json\/wp\/v2\/lodging_external_equipment?post=113795"},{"taxonomy":"lodging_household_appliances","embeddable":true,"href":"https:\/\/gitesdewallonie.be\/nl\/wp-json\/wp\/v2\/lodging_household_appliances?post=113795"},{"taxonomy":"lodging_interior_equipment","embeddable":true,"href":"https:\/\/gitesdewallonie.be\/nl\/wp-json\/wp\/v2\/lodging_interior_equipment?post=113795"},{"taxonomy":"lodging_sport_and_leisure","embeddable":true,"href":"https:\/\/gitesdewallonie.be\/nl\/wp-json\/wp\/v2\/lodging_sport_and_leisure?post=113795"},{"taxonomy":"lodging_type_of_stay","embeddable":true,"href":"https:\/\/gitesdewallonie.be\/nl\/wp-json\/wp\/v2\/lodging_type_of_stay?post=113795"},{"taxonomy":"lodging_adapted_to","embeddable":true,"href":"https:\/\/gitesdewallonie.be\/nl\/wp-json\/wp\/v2\/lodging_adapted_to?post=113795"},{"taxonomy":"lodging_wellness","embeddable":true,"href":"https:\/\/gitesdewallonie.be\/nl\/wp-json\/wp\/v2\/lodging_wellness?post=113795"},{"taxonomy":"lodging_baby","embeddable":true,"href":"https:\/\/gitesdewallonie.be\/nl\/wp-json\/wp\/v2\/lodging_baby?post=113795"},{"taxonomy":"lodging_car_motorcycle_bike","embeddable":true,"href":"https:\/\/gitesdewallonie.be\/nl\/wp-json\/wp\/v2\/lodging_car_motorcycle_bike?post=113795"},{"taxonomy":"lodging_status","embeddable":true,"href":"https:\/\/gitesdewallonie.be\/nl\/wp-json\/wp\/v2\/lodging_status?post=113795"},{"taxonomy":"lodging_other_informations","embeddable":true,"href":"https:\/\/gitesdewallonie.be\/nl\/wp-json\/wp\/v2\/lodging_other_informations?post=113795"},{"taxonomy":"room_host_table","embeddable":true,"href":"https:\/\/gitesdewallonie.be\/nl\/wp-json\/wp\/v2\/room_host_table?post=113795"}],"curies":[{"name":"wp","href":"https:\/\/api.w.org\/{rel}","templated":true}]}}

<p>Chambres d’hôtes chaleureuse lit double (180×200) ou 2 lits simples (90x 200) avec salle de bain privée, serviettes de bain et peignoir à votre disposition.</p><p>Charmante chambre d'hôtes dans une maison en pierre du pays, au cœur d'un village calme. Dans un cadre verdoyant, à proximité de Dinant, Maredsous, Treignes, Mariembourg, des Lacs de l'Eau d'Heure, du Lac de Bambois, à 10 min du circuit de Mettet et de la Vallée de la Molignée. Commerces et restaurants à proximité... Venez séjourner dans nos chambres de charme, profiter du jardin et découvrir nos déjeuners gourmands, spécialités culinaires maison et cuisine du terroir.</p>

<p>Gezellige gastenkamers met een tweepersoonsbed (180 × 200) of 2 enkele bedden (90x 200) met eigen badkamer, handdoeken en badjas tot uw beschikking.</p><p>Charmante gastenkamer in een huis van lokale steen, in het hart van een rustig dorp. In de groene omgeving van Dinant, Maredsous, Treignes, Mariembourg, Lacs de l'Eau d'Heure, Lac de Bambois, 10 minuten van het circuit van Mettet en de Vallei van de Molignée. Winkels en restaurants in de buurt....... Kom en verblijf in onze charmante kamers, geniet van de tuin en ontdek onze gastronomische lunches, zelfgemaakte culinaire specialiteiten en de lokale keuken.</p>

<p>Warm and cosy ensuite bedroom with king size bed (180 x 200 cm) or 2 single beds including bath towels and bathrobe.</p><p>Charming guest bedroom in a B&B made of local stone in the heart of a calm village. In a green setting, near Dinant,  Maredsous, Treignes, Mariembourg and the lakes of Eau d'Heure and Bambois.  Only 10 minutes from the Mettet trail and the Molignée Valley. You are near all shops and restaurants. So come stay in our charming bedrooms, make the most of the garden and discover our generous breakfasts as well as our homemade traditional cuisine made from natural produce from the local area.</p>

<!-- This site is optimized with the Yoast SEO Premium plugin v26.7 (Yoast SEO v26.7) - https://yoast.com/wordpress/plugins/seo/ -->
<title>Ernest - gitesdewallonie.be</title>
<meta name="robots" content="noindex, follow" />
<meta property="og:locale" content="nl_NL" />
<meta property="og:type" content="article" />
<meta property="og:title" content="Ernest" />
<meta property="og:url" content="https://gitesdewallonie.be/nl/blog/room/ernest/" />
<meta property="og:site_name" content="gitesdewallonie.be" />
<meta property="article:publisher" content="https://www.facebook.com/GitesdeWallonie" />
<meta name="twitter:card" content="summary_large_image" />
<script type="application/ld+json" class="yoast-schema-graph">{"@context":"https://schema.org","@graph":[{"@type":"WebPage","@id":"https://gitesdewallonie.be/nl/blog/room/ernest/","url":"https://gitesdewallonie.be/nl/blog/room/ernest/","name":"Ernest - gitesdewallonie.be","isPartOf":{"@id":"https://gitesdewallonie.be/nl/#website"},"datePublished":"2024-08-27T07:17:32+00:00","breadcrumb":{"@id":"https://gitesdewallonie.be/nl/blog/room/ernest/#breadcrumb"},"inLanguage":"nl-NL","potentialAction":[{"@type":"ReadAction","target":["https://gitesdewallonie.be/nl/blog/room/ernest/"]}]},{"@type":"BreadcrumbList","@id":"https://gitesdewallonie.be/nl/blog/room/ernest/#breadcrumb","itemListElement":[{"@type":"ListItem","position":1,"name":"Accueil","item":"https://gitesdewallonie.be/nl/"},{"@type":"ListItem","position":2,"name":"Ernest"}]},{"@type":"WebSite","@id":"https://gitesdewallonie.be/nl/#website","url":"https://gitesdewallonie.be/nl/","name":"Fédération des Gîtes et Chambres d'hôtes de Wallonie","description":"","publisher":{"@id":"https://gitesdewallonie.be/nl/#organization"},"potentialAction":[{"@type":"SearchAction","target":{"@type":"EntryPoint","urlTemplate":"https://gitesdewallonie.be/nl/?s={search_term_string}"},"query-input":{"@type":"PropertyValueSpecification","valueRequired":true,"valueName":"search_term_string"}}],"inLanguage":"nl-NL"},{"@type":"Organization","@id":"https://gitesdewallonie.be/nl/#organization","name":"Fédération des Gîtes et Chambres d'hôtes de Wallonie","alternateName":"GDW","url":"https://gitesdewallonie.be/nl/","logo":{"@type":"ImageObject","inLanguage":"nl-NL","@id":"https://gitesdewallonie.be/nl/#/schema/logo/image/","url":"https://gitesdewallonie.be/wp-content/uploads/2024/08/logo-gdw.svg","contentUrl":"https://gitesdewallonie.be/wp-content/uploads/2024/08/logo-gdw.svg","caption":"Fédération des Gîtes et Chambres d'hôtes de Wallonie"},"image":{"@id":"https://gitesdewallonie.be/nl/#/schema/logo/image/"},"sameAs":["https://www.facebook.com/GitesdeWallonie","https://www.instagram.com/gitesdewallonie.be/"]}]}</script>
<!-- / Yoast SEO Premium plugin. -->

Fédération des Gîtes et Chambres d'hôtes de Wallonie
