{"id":113903,"date":"2024-08-27T09:18:01","date_gmt":"2024-08-27T07:18:01","guid":{"rendered":"https:\/\/gitesdewallonie.be\/blog\/room\/soleil-levant-2\/"},"modified":"2024-08-27T09:18:01","modified_gmt":"2024-08-27T07:18:01","slug":"soleil-levant-2","status":"publish","type":"room","link":"https:\/\/gitesdewallonie.be\/nl\/blog\/room\/soleil-levant-2\/","title":{"rendered":"Soleil Levant"},"content":{"rendered":"","protected":false},"featured_media":0,"template":"","meta":{"lodging_pk":"3572","room_uid":"5c408fa7ad3143d1901b72f89ea25be1","room_pk":"3573","room_description_fr":"<p>Profitez des couleurs du soleil levant dans cette belle chambre double au design spacieux avec douche, situ\u00e9e \u00e0 l'arri\u00e8re du B&B.<\/p><p>La chambre Soleil Levant est une chambre calme au 1er \u00e9tage du B&B. Les tons noirs et blancs dominent l'espace nuit.\r\nLa chambre dispose d'un sommier spacieux (2m10 de longueur), d'un coin salon, de mobilier design, d'une t\u00e9l\u00e9 et d'une salle de bain attenante avec lavabo, douche et toilette. Les sols en b\u00e9ton cir\u00e9 offrent un look design.\r\n\r\nLe copieux petit-d\u00e9jeuner est servi dans le coin cuisine au rez-de-chauss\u00e9e ou s\u2019il fait beau sur la terrasse ou dans le jardin.  Vous pouvez utiliser l'\u00e9l\u00e9gant coin salon\/s\u00e9jour commun au premier \u00e9tage, ainsi que le jardin \u00e9quip\u00e9 avec du mobilier de jardin.  Des v\u00e9los peuvent \u00eatre entrepos\u00e9s en toute s\u00e9curit\u00e9.<\/p>","room_description_nl":"<p>Geniet van de kleuren van de opkomende zon in deze prachtige, ruim opgezette tweepersoonskamer met douche, gelegen aan de achterzijde van de B&B.<\/p><p>De Soleil Levant kamer is een rustige kamer op de 1e verdieping van de B&B. Zwart-wittinten domineren het slaapgedeelte.\r\nDe kamer beschikt over een grote boxspring (2m10 lang), een zithoek, design meubelen, een TV en een aangrenzende badkamer met wastafel, douche en toilet. Gepolijste betonnen vloeren zorgen voor een designlook.\r\n\r\nHet uitgebreide ontbijt wordt geserveerd in de keuken op de begane grond of, bij mooi weer, op het terras of in de tuin. U kunt gebruikmaken van de stijlvolle gemeenschappelijke zitkamer\/woonkamer op de eerste verdieping, evenals van de tuin voorzien van tuinmeubelen. Fietsen kunnen veilig gestald worden.<\/p>","room_description_en":"<p>Enjoy the colours of the rising sun in this beautifully and spaciously designed double room with a shower, located at the back of the B&B.<\/p><p>The Soleil Levant room is a quiet room on the 1st floor of the B&B. Black and white tones dominate the sleeping area.\r\nThe room has a spacious box spring bed (2m10 long), a lounge area, designer furniture, a TV and an adjoining bathroom with a sink, shower and toilet. Polished concrete floors offer a designer look.\r\n\r\nThe hearty breakfast is served in the kitchen area on the ground floor or, if the weather is nice, on the terrace or in the garden. You can use the elegant shared lounge\/living area on the first floor, as well as the garden that is equipped with garden furniture. Bicycles can be stored safely.<\/p>","room_min_capacity":"2","room_max_capacity":"2","room_number_of_bathrooms":"1","room_number_of_levels":"1","room_floor":"FirstFloor","room_size":"2Double","room_description":"","room_surface_area":"","room_video":"","lodging_min_night":"","lodging_elloha_offer_id":"2bf10040-d739-4ce6-aa63-d37884bd0bf9","lodging_percent":"{\"rates\":100,\"general\":100,\"equipments\":100,\"medias\":40,\"total\":85}"},"lodging_external_equipment":[],"lodging_household_appliances":[],"lodging_interior_equipment":[9042,9112,9043,8877,8879,9035,8880,8881],"lodging_sport_and_leisure":[],"lodging_type_of_stay":[],"lodging_adapted_to":[],"lodging_wellness":[],"lodging_baby":[],"lodging_car_motorcycle_bike":[],"lodging_status":[167],"lodging_other_informations":[],"room_host_table":[],"class_list":["post-113903","room","type-room","status-publish","hentry","lodging_interior_equipment-articles-de-toilette-gratuits","lodging_interior_equipment-bar","lodging_interior_equipment-bureau","lodging_interior_equipment-penderie","lodging_interior_equipment-seche-cheveux","lodging_interior_equipment-serviettes-de-toilette","lodging_interior_equipment-television","lodging_interior_equipment-wi-fi","lodging_status-published"],"yoast_head":"<!-- This site is optimized with the Yoast SEO Premium plugin v26.7 (Yoast SEO v26.7) - https:\/\/yoast.com\/wordpress\/plugins\/seo\/ -->\n<title>Soleil Levant - gitesdewallonie.be<\/title>\n<meta name=\"robots\" content=\"noindex, follow\" \/>\n<meta property=\"og:locale\" content=\"nl_NL\" \/>\n<meta property=\"og:type\" content=\"article\" \/>\n<meta property=\"og:title\" content=\"Soleil Levant\" \/>\n<meta property=\"og:url\" content=\"https:\/\/gitesdewallonie.be\/nl\/blog\/room\/soleil-levant-2\/\" \/>\n<meta property=\"og:site_name\" content=\"gitesdewallonie.be\" \/>\n<meta property=\"article:publisher\" content=\"https:\/\/www.facebook.com\/GitesdeWallonie\" \/>\n<meta name=\"twitter:card\" content=\"summary_large_image\" \/>\n<script type=\"application\/ld+json\" class=\"yoast-schema-graph\">{\"@context\":\"https:\/\/schema.org\",\"@graph\":[{\"@type\":\"WebPage\",\"@id\":\"https:\/\/gitesdewallonie.be\/nl\/blog\/room\/soleil-levant-2\/\",\"url\":\"https:\/\/gitesdewallonie.be\/nl\/blog\/room\/soleil-levant-2\/\",\"name\":\"Soleil Levant - gitesdewallonie.be\",\"isPartOf\":{\"@id\":\"https:\/\/gitesdewallonie.be\/nl\/#website\"},\"datePublished\":\"2024-08-27T07:18:01+00:00\",\"breadcrumb\":{\"@id\":\"https:\/\/gitesdewallonie.be\/nl\/blog\/room\/soleil-levant-2\/#breadcrumb\"},\"inLanguage\":\"nl-NL\",\"potentialAction\":[{\"@type\":\"ReadAction\",\"target\":[\"https:\/\/gitesdewallonie.be\/nl\/blog\/room\/soleil-levant-2\/\"]}]},{\"@type\":\"BreadcrumbList\",\"@id\":\"https:\/\/gitesdewallonie.be\/nl\/blog\/room\/soleil-levant-2\/#breadcrumb\",\"itemListElement\":[{\"@type\":\"ListItem\",\"position\":1,\"name\":\"Accueil\",\"item\":\"https:\/\/gitesdewallonie.be\/nl\/\"},{\"@type\":\"ListItem\",\"position\":2,\"name\":\"Soleil Levant\"}]},{\"@type\":\"WebSite\",\"@id\":\"https:\/\/gitesdewallonie.be\/nl\/#website\",\"url\":\"https:\/\/gitesdewallonie.be\/nl\/\",\"name\":\"F\u00e9d\u00e9ration des G\u00eetes et Chambres d'h\u00f4tes de Wallonie\",\"description\":\"\",\"publisher\":{\"@id\":\"https:\/\/gitesdewallonie.be\/nl\/#organization\"},\"potentialAction\":[{\"@type\":\"SearchAction\",\"target\":{\"@type\":\"EntryPoint\",\"urlTemplate\":\"https:\/\/gitesdewallonie.be\/nl\/?s={search_term_string}\"},\"query-input\":{\"@type\":\"PropertyValueSpecification\",\"valueRequired\":true,\"valueName\":\"search_term_string\"}}],\"inLanguage\":\"nl-NL\"},{\"@type\":\"Organization\",\"@id\":\"https:\/\/gitesdewallonie.be\/nl\/#organization\",\"name\":\"F\u00e9d\u00e9ration des G\u00eetes et Chambres d'h\u00f4tes de Wallonie\",\"alternateName\":\"GDW\",\"url\":\"https:\/\/gitesdewallonie.be\/nl\/\",\"logo\":{\"@type\":\"ImageObject\",\"inLanguage\":\"nl-NL\",\"@id\":\"https:\/\/gitesdewallonie.be\/nl\/#\/schema\/logo\/image\/\",\"url\":\"https:\/\/gitesdewallonie.be\/wp-content\/uploads\/2024\/08\/logo-gdw.svg\",\"contentUrl\":\"https:\/\/gitesdewallonie.be\/wp-content\/uploads\/2024\/08\/logo-gdw.svg\",\"caption\":\"F\u00e9d\u00e9ration des G\u00eetes et Chambres d'h\u00f4tes de Wallonie\"},\"image\":{\"@id\":\"https:\/\/gitesdewallonie.be\/nl\/#\/schema\/logo\/image\/\"},\"sameAs\":[\"https:\/\/www.facebook.com\/GitesdeWallonie\",\"https:\/\/www.instagram.com\/gitesdewallonie.be\/\"]}]}<\/script>\n<!-- \/ Yoast SEO Premium plugin. -->","yoast_head_json":{"title":"Soleil Levant - gitesdewallonie.be","robots":{"index":"noindex","follow":"follow"},"og_locale":"nl_NL","og_type":"article","og_title":"Soleil Levant","og_url":"https:\/\/gitesdewallonie.be\/nl\/blog\/room\/soleil-levant-2\/","og_site_name":"gitesdewallonie.be","article_publisher":"https:\/\/www.facebook.com\/GitesdeWallonie","twitter_card":"summary_large_image","schema":{"@context":"https:\/\/schema.org","@graph":[{"@type":"WebPage","@id":"https:\/\/gitesdewallonie.be\/nl\/blog\/room\/soleil-levant-2\/","url":"https:\/\/gitesdewallonie.be\/nl\/blog\/room\/soleil-levant-2\/","name":"Soleil Levant - gitesdewallonie.be","isPartOf":{"@id":"https:\/\/gitesdewallonie.be\/nl\/#website"},"datePublished":"2024-08-27T07:18:01+00:00","breadcrumb":{"@id":"https:\/\/gitesdewallonie.be\/nl\/blog\/room\/soleil-levant-2\/#breadcrumb"},"inLanguage":"nl-NL","potentialAction":[{"@type":"ReadAction","target":["https:\/\/gitesdewallonie.be\/nl\/blog\/room\/soleil-levant-2\/"]}]},{"@type":"BreadcrumbList","@id":"https:\/\/gitesdewallonie.be\/nl\/blog\/room\/soleil-levant-2\/#breadcrumb","itemListElement":[{"@type":"ListItem","position":1,"name":"Accueil","item":"https:\/\/gitesdewallonie.be\/nl\/"},{"@type":"ListItem","position":2,"name":"Soleil Levant"}]},{"@type":"WebSite","@id":"https:\/\/gitesdewallonie.be\/nl\/#website","url":"https:\/\/gitesdewallonie.be\/nl\/","name":"F\u00e9d\u00e9ration des G\u00eetes et Chambres d'h\u00f4tes de Wallonie","description":"","publisher":{"@id":"https:\/\/gitesdewallonie.be\/nl\/#organization"},"potentialAction":[{"@type":"SearchAction","target":{"@type":"EntryPoint","urlTemplate":"https:\/\/gitesdewallonie.be\/nl\/?s={search_term_string}"},"query-input":{"@type":"PropertyValueSpecification","valueRequired":true,"valueName":"search_term_string"}}],"inLanguage":"nl-NL"},{"@type":"Organization","@id":"https:\/\/gitesdewallonie.be\/nl\/#organization","name":"F\u00e9d\u00e9ration des G\u00eetes et Chambres d'h\u00f4tes de Wallonie","alternateName":"GDW","url":"https:\/\/gitesdewallonie.be\/nl\/","logo":{"@type":"ImageObject","inLanguage":"nl-NL","@id":"https:\/\/gitesdewallonie.be\/nl\/#\/schema\/logo\/image\/","url":"https:\/\/gitesdewallonie.be\/wp-content\/uploads\/2024\/08\/logo-gdw.svg","contentUrl":"https:\/\/gitesdewallonie.be\/wp-content\/uploads\/2024\/08\/logo-gdw.svg","caption":"F\u00e9d\u00e9ration des G\u00eetes et Chambres d'h\u00f4tes de Wallonie"},"image":{"@id":"https:\/\/gitesdewallonie.be\/nl\/#\/schema\/logo\/image\/"},"sameAs":["https:\/\/www.facebook.com\/GitesdeWallonie","https:\/\/www.instagram.com\/gitesdewallonie.be\/"]}]}},"_links":{"self":[{"href":"https:\/\/gitesdewallonie.be\/nl\/wp-json\/wp\/v2\/room\/113903","targetHints":{"allow":["GET"]}}],"collection":[{"href":"https:\/\/gitesdewallonie.be\/nl\/wp-json\/wp\/v2\/room"}],"about":[{"href":"https:\/\/gitesdewallonie.be\/nl\/wp-json\/wp\/v2\/types\/room"}],"wp:attachment":[{"href":"https:\/\/gitesdewallonie.be\/nl\/wp-json\/wp\/v2\/media?parent=113903"}],"wp:term":[{"taxonomy":"lodging_external_equipment","embeddable":true,"href":"https:\/\/gitesdewallonie.be\/nl\/wp-json\/wp\/v2\/lodging_external_equipment?post=113903"},{"taxonomy":"lodging_household_appliances","embeddable":true,"href":"https:\/\/gitesdewallonie.be\/nl\/wp-json\/wp\/v2\/lodging_household_appliances?post=113903"},{"taxonomy":"lodging_interior_equipment","embeddable":true,"href":"https:\/\/gitesdewallonie.be\/nl\/wp-json\/wp\/v2\/lodging_interior_equipment?post=113903"},{"taxonomy":"lodging_sport_and_leisure","embeddable":true,"href":"https:\/\/gitesdewallonie.be\/nl\/wp-json\/wp\/v2\/lodging_sport_and_leisure?post=113903"},{"taxonomy":"lodging_type_of_stay","embeddable":true,"href":"https:\/\/gitesdewallonie.be\/nl\/wp-json\/wp\/v2\/lodging_type_of_stay?post=113903"},{"taxonomy":"lodging_adapted_to","embeddable":true,"href":"https:\/\/gitesdewallonie.be\/nl\/wp-json\/wp\/v2\/lodging_adapted_to?post=113903"},{"taxonomy":"lodging_wellness","embeddable":true,"href":"https:\/\/gitesdewallonie.be\/nl\/wp-json\/wp\/v2\/lodging_wellness?post=113903"},{"taxonomy":"lodging_baby","embeddable":true,"href":"https:\/\/gitesdewallonie.be\/nl\/wp-json\/wp\/v2\/lodging_baby?post=113903"},{"taxonomy":"lodging_car_motorcycle_bike","embeddable":true,"href":"https:\/\/gitesdewallonie.be\/nl\/wp-json\/wp\/v2\/lodging_car_motorcycle_bike?post=113903"},{"taxonomy":"lodging_status","embeddable":true,"href":"https:\/\/gitesdewallonie.be\/nl\/wp-json\/wp\/v2\/lodging_status?post=113903"},{"taxonomy":"lodging_other_informations","embeddable":true,"href":"https:\/\/gitesdewallonie.be\/nl\/wp-json\/wp\/v2\/lodging_other_informations?post=113903"},{"taxonomy":"room_host_table","embeddable":true,"href":"https:\/\/gitesdewallonie.be\/nl\/wp-json\/wp\/v2\/room_host_table?post=113903"}],"curies":[{"name":"wp","href":"https:\/\/api.w.org\/{rel}","templated":true}]}}

<p>Profitez des couleurs du soleil levant dans cette belle chambre double au design spacieux avec douche, située à l'arrière du B&B.</p><p>La chambre Soleil Levant est une chambre calme au 1er étage du B&B. Les tons noirs et blancs dominent l'espace nuit.
La chambre dispose d'un sommier spacieux (2m10 de longueur), d'un coin salon, de mobilier design, d'une télé et d'une salle de bain attenante avec lavabo, douche et toilette. Les sols en béton ciré offrent un look design.

Le copieux petit-déjeuner est servi dans le coin cuisine au rez-de-chaussée ou s’il fait beau sur la terrasse ou dans le jardin.  Vous pouvez utiliser l'élégant coin salon/séjour commun au premier étage, ainsi que le jardin équipé avec du mobilier de jardin.  Des vélos peuvent être entreposés en toute sécurité.</p>

<!-- This site is optimized with the Yoast SEO Premium plugin v26.7 (Yoast SEO v26.7) - https://yoast.com/wordpress/plugins/seo/ -->
<title>Soleil Levant - gitesdewallonie.be</title>
<meta name="robots" content="noindex, follow" />
<meta property="og:locale" content="nl_NL" />
<meta property="og:type" content="article" />
<meta property="og:title" content="Soleil Levant" />
<meta property="og:url" content="https://gitesdewallonie.be/nl/blog/room/soleil-levant-2/" />
<meta property="og:site_name" content="gitesdewallonie.be" />
<meta property="article:publisher" content="https://www.facebook.com/GitesdeWallonie" />
<meta name="twitter:card" content="summary_large_image" />
<script type="application/ld+json" class="yoast-schema-graph">{"@context":"https://schema.org","@graph":[{"@type":"WebPage","@id":"https://gitesdewallonie.be/nl/blog/room/soleil-levant-2/","url":"https://gitesdewallonie.be/nl/blog/room/soleil-levant-2/","name":"Soleil Levant - gitesdewallonie.be","isPartOf":{"@id":"https://gitesdewallonie.be/nl/#website"},"datePublished":"2024-08-27T07:18:01+00:00","breadcrumb":{"@id":"https://gitesdewallonie.be/nl/blog/room/soleil-levant-2/#breadcrumb"},"inLanguage":"nl-NL","potentialAction":[{"@type":"ReadAction","target":["https://gitesdewallonie.be/nl/blog/room/soleil-levant-2/"]}]},{"@type":"BreadcrumbList","@id":"https://gitesdewallonie.be/nl/blog/room/soleil-levant-2/#breadcrumb","itemListElement":[{"@type":"ListItem","position":1,"name":"Accueil","item":"https://gitesdewallonie.be/nl/"},{"@type":"ListItem","position":2,"name":"Soleil Levant"}]},{"@type":"WebSite","@id":"https://gitesdewallonie.be/nl/#website","url":"https://gitesdewallonie.be/nl/","name":"Fédération des Gîtes et Chambres d'hôtes de Wallonie","description":"","publisher":{"@id":"https://gitesdewallonie.be/nl/#organization"},"potentialAction":[{"@type":"SearchAction","target":{"@type":"EntryPoint","urlTemplate":"https://gitesdewallonie.be/nl/?s={search_term_string}"},"query-input":{"@type":"PropertyValueSpecification","valueRequired":true,"valueName":"search_term_string"}}],"inLanguage":"nl-NL"},{"@type":"Organization","@id":"https://gitesdewallonie.be/nl/#organization","name":"Fédération des Gîtes et Chambres d'hôtes de Wallonie","alternateName":"GDW","url":"https://gitesdewallonie.be/nl/","logo":{"@type":"ImageObject","inLanguage":"nl-NL","@id":"https://gitesdewallonie.be/nl/#/schema/logo/image/","url":"https://gitesdewallonie.be/wp-content/uploads/2024/08/logo-gdw.svg","contentUrl":"https://gitesdewallonie.be/wp-content/uploads/2024/08/logo-gdw.svg","caption":"Fédération des Gîtes et Chambres d'hôtes de Wallonie"},"image":{"@id":"https://gitesdewallonie.be/nl/#/schema/logo/image/"},"sameAs":["https://www.facebook.com/GitesdeWallonie","https://www.instagram.com/gitesdewallonie.be/"]}]}</script>
<!-- / Yoast SEO Premium plugin. -->

Fédération des Gîtes et Chambres d'hôtes de Wallonie
