{"id":113916,"date":"2024-08-27T09:18:03","date_gmt":"2024-08-27T07:18:03","guid":{"rendered":"https:\/\/gitesdewallonie.be\/blog\/room\/cote-jardin-6\/"},"modified":"2024-08-27T09:18:03","modified_gmt":"2024-08-27T07:18:03","slug":"cote-jardin-6","status":"publish","type":"room","link":"https:\/\/gitesdewallonie.be\/nl\/blog\/room\/cote-jardin-6\/","title":{"rendered":"C\u00f4t\u00e9 Jardin"},"content":{"rendered":"","protected":false},"featured_media":0,"template":"","meta":{"lodging_pk":"3090","room_uid":"371c0a20e1ca4fe28334b7308c9d7160","room_pk":"2487","room_description_fr":"Chambre \u00e0 l'\u00e9tage. Un lit pour deux personnes. Une salle de bains priv\u00e9e avec douche italienne, lavabo et toilette. Vue directe sur la vaste jardin et le potager. Vous disposez d'un salon avec TV que vous partagerez avec les h\u00f4tes. En \u00e9t\u00e9 vous pourrez vous pr\u00e9lasser sur la terrasse et profiter du jardin. Prix pour 2 personnes pour 2 nuits petit-d\u00e9jeuner compris: 160 \u20ac.","room_description_nl":"<p>Kamer op de bovenverdieping. 1 tweepersoonsbed. Minimum boeking voor 2 nachten<\/p><p>De kamer \u201cC\u00f4t\u00e9 Jardin\u201d bevindt zich op de eerste verdieping. Ze is uitgerust met een tweepersoonsbed.\r\nEen eigen badkamer (Italiaanse douche, toilet, wastafel) grenst direct aan de slaapkamer.\r\nU deelt een groot terras met de aangrenzende kamer.\r\nZoals de naam al doet vermoeden, biedt deze kamer uitzicht op de grote tuin en onze moestuin. We kunnen tuinadvies geven indien u dat wilt.\r\nFlorenville, dat is de Semois en we houden van lange wandelingen langs de oevers. Vraag gerust tips.\r\nOp nauwelijks vijfhonderd ligt het bos.\r\nHet bos van Epioux is heel dichtbij.\r\nAls u stil bent, komt u wild tegen en eind september hoort u de herten burlen.\r\nPrijs voor een kamer verhuurd voor twee personen: \u20ac130 voor twee nachten, inclusief ontbijt. Degressief tarief vanaf 3 nachten.<\/p>","room_description_en":"<p>Upstairs bedroom with a bed for 2 guests. You must book stays for at least 2 nights.<\/p><p>The gardenside bedroom is on the 1st floor with a bed for 2 guests. \r\nYou can directly get from this bedroom to the private bathroom with a walk-in shower, toilet and sink.\r\nYou will share a large terrace with an adjacent bedroom. \r\nAs its name suggests, you have a view on the large garden and vegetable patch. We can share some of our gardening tips with you if you want.\r\nIn Florenville, you have the Semois river and it is great for long walks along its banks. We can share some maps with you on request.\r\nFive hundred metres after you leave here, you are already in the woodlands. The Epioux Forest is just beside you here. If you know how to move quietly, you might get a glance of the wild game and even in September, there is the bellow of the stag to behold. \r\nIf you stay 2 nights or more as a group of 2 people, you pay \u20ac130 for 2 nights with your breakfast included in the price. You get further price reductions when you stay for 3 nights or more.<\/p>","room_min_capacity":"2","room_max_capacity":"2","room_number_of_bathrooms":"1","room_number_of_levels":"2","room_floor":"FirstFloor","room_size":"2Double","room_description":"","room_surface_area":"18","room_video":"","lodging_min_night":"1","lodging_elloha_offer_id":"","lodging_percent":"{\"rates\":{\"2026\":100},\"general\":100,\"equipments\":100,\"medias\":50,\"total\":88}"},"lodging_external_equipment":[8896,9163,8897,8898],"lodging_household_appliances":[9003],"lodging_interior_equipment":[8877,8878,8879,9035,8881],"lodging_sport_and_leisure":[],"lodging_type_of_stay":[],"lodging_adapted_to":[],"lodging_wellness":[],"lodging_baby":[],"lodging_car_motorcycle_bike":[8908],"lodging_status":[167],"lodging_other_informations":[],"room_host_table":[],"class_list":["post-113916","room","type-room","status-publish","hentry","lodging_external_equipment-jardin","lodging_external_equipment-potager","lodging_external_equipment-salon-de-jardin","lodging_external_equipment-terrasse","lodging_household_appliances-micro-ondes","lodging_interior_equipment-penderie","lodging_interior_equipment-poele","lodging_interior_equipment-seche-cheveux","lodging_interior_equipment-serviettes-de-toilette","lodging_interior_equipment-wi-fi","lodging_car_motorcycle_bike-parking-prive","lodging_status-published"],"yoast_head":"<!-- This site is optimized with the Yoast SEO Premium plugin v26.7 (Yoast SEO v26.7) - https:\/\/yoast.com\/wordpress\/plugins\/seo\/ -->\n<title>C\u00f4t\u00e9 Jardin - gitesdewallonie.be<\/title>\n<meta name=\"robots\" content=\"noindex, follow\" \/>\n<meta property=\"og:locale\" content=\"nl_NL\" \/>\n<meta property=\"og:type\" content=\"article\" \/>\n<meta property=\"og:title\" content=\"C\u00f4t\u00e9 Jardin\" \/>\n<meta property=\"og:url\" content=\"https:\/\/gitesdewallonie.be\/nl\/blog\/room\/cote-jardin-6\/\" \/>\n<meta property=\"og:site_name\" content=\"gitesdewallonie.be\" \/>\n<meta property=\"article:publisher\" content=\"https:\/\/www.facebook.com\/GitesdeWallonie\" \/>\n<meta name=\"twitter:card\" content=\"summary_large_image\" \/>\n<script type=\"application\/ld+json\" class=\"yoast-schema-graph\">{\"@context\":\"https:\/\/schema.org\",\"@graph\":[{\"@type\":\"WebPage\",\"@id\":\"https:\/\/gitesdewallonie.be\/nl\/blog\/room\/cote-jardin-6\/\",\"url\":\"https:\/\/gitesdewallonie.be\/nl\/blog\/room\/cote-jardin-6\/\",\"name\":\"C\u00f4t\u00e9 Jardin - gitesdewallonie.be\",\"isPartOf\":{\"@id\":\"https:\/\/gitesdewallonie.be\/nl\/#website\"},\"datePublished\":\"2024-08-27T07:18:03+00:00\",\"breadcrumb\":{\"@id\":\"https:\/\/gitesdewallonie.be\/nl\/blog\/room\/cote-jardin-6\/#breadcrumb\"},\"inLanguage\":\"nl-NL\",\"potentialAction\":[{\"@type\":\"ReadAction\",\"target\":[\"https:\/\/gitesdewallonie.be\/nl\/blog\/room\/cote-jardin-6\/\"]}]},{\"@type\":\"BreadcrumbList\",\"@id\":\"https:\/\/gitesdewallonie.be\/nl\/blog\/room\/cote-jardin-6\/#breadcrumb\",\"itemListElement\":[{\"@type\":\"ListItem\",\"position\":1,\"name\":\"Accueil\",\"item\":\"https:\/\/gitesdewallonie.be\/nl\/\"},{\"@type\":\"ListItem\",\"position\":2,\"name\":\"C\u00f4t\u00e9 Jardin\"}]},{\"@type\":\"WebSite\",\"@id\":\"https:\/\/gitesdewallonie.be\/nl\/#website\",\"url\":\"https:\/\/gitesdewallonie.be\/nl\/\",\"name\":\"F\u00e9d\u00e9ration des G\u00eetes et Chambres d'h\u00f4tes de Wallonie\",\"description\":\"\",\"publisher\":{\"@id\":\"https:\/\/gitesdewallonie.be\/nl\/#organization\"},\"potentialAction\":[{\"@type\":\"SearchAction\",\"target\":{\"@type\":\"EntryPoint\",\"urlTemplate\":\"https:\/\/gitesdewallonie.be\/nl\/?s={search_term_string}\"},\"query-input\":{\"@type\":\"PropertyValueSpecification\",\"valueRequired\":true,\"valueName\":\"search_term_string\"}}],\"inLanguage\":\"nl-NL\"},{\"@type\":\"Organization\",\"@id\":\"https:\/\/gitesdewallonie.be\/nl\/#organization\",\"name\":\"F\u00e9d\u00e9ration des G\u00eetes et Chambres d'h\u00f4tes de Wallonie\",\"alternateName\":\"GDW\",\"url\":\"https:\/\/gitesdewallonie.be\/nl\/\",\"logo\":{\"@type\":\"ImageObject\",\"inLanguage\":\"nl-NL\",\"@id\":\"https:\/\/gitesdewallonie.be\/nl\/#\/schema\/logo\/image\/\",\"url\":\"https:\/\/gitesdewallonie.be\/wp-content\/uploads\/2024\/08\/logo-gdw.svg\",\"contentUrl\":\"https:\/\/gitesdewallonie.be\/wp-content\/uploads\/2024\/08\/logo-gdw.svg\",\"caption\":\"F\u00e9d\u00e9ration des G\u00eetes et Chambres d'h\u00f4tes de Wallonie\"},\"image\":{\"@id\":\"https:\/\/gitesdewallonie.be\/nl\/#\/schema\/logo\/image\/\"},\"sameAs\":[\"https:\/\/www.facebook.com\/GitesdeWallonie\",\"https:\/\/www.instagram.com\/gitesdewallonie.be\/\"]}]}<\/script>\n<!-- \/ Yoast SEO Premium plugin. -->","yoast_head_json":{"title":"C\u00f4t\u00e9 Jardin - gitesdewallonie.be","robots":{"index":"noindex","follow":"follow"},"og_locale":"nl_NL","og_type":"article","og_title":"C\u00f4t\u00e9 Jardin","og_url":"https:\/\/gitesdewallonie.be\/nl\/blog\/room\/cote-jardin-6\/","og_site_name":"gitesdewallonie.be","article_publisher":"https:\/\/www.facebook.com\/GitesdeWallonie","twitter_card":"summary_large_image","schema":{"@context":"https:\/\/schema.org","@graph":[{"@type":"WebPage","@id":"https:\/\/gitesdewallonie.be\/nl\/blog\/room\/cote-jardin-6\/","url":"https:\/\/gitesdewallonie.be\/nl\/blog\/room\/cote-jardin-6\/","name":"C\u00f4t\u00e9 Jardin - gitesdewallonie.be","isPartOf":{"@id":"https:\/\/gitesdewallonie.be\/nl\/#website"},"datePublished":"2024-08-27T07:18:03+00:00","breadcrumb":{"@id":"https:\/\/gitesdewallonie.be\/nl\/blog\/room\/cote-jardin-6\/#breadcrumb"},"inLanguage":"nl-NL","potentialAction":[{"@type":"ReadAction","target":["https:\/\/gitesdewallonie.be\/nl\/blog\/room\/cote-jardin-6\/"]}]},{"@type":"BreadcrumbList","@id":"https:\/\/gitesdewallonie.be\/nl\/blog\/room\/cote-jardin-6\/#breadcrumb","itemListElement":[{"@type":"ListItem","position":1,"name":"Accueil","item":"https:\/\/gitesdewallonie.be\/nl\/"},{"@type":"ListItem","position":2,"name":"C\u00f4t\u00e9 Jardin"}]},{"@type":"WebSite","@id":"https:\/\/gitesdewallonie.be\/nl\/#website","url":"https:\/\/gitesdewallonie.be\/nl\/","name":"F\u00e9d\u00e9ration des G\u00eetes et Chambres d'h\u00f4tes de Wallonie","description":"","publisher":{"@id":"https:\/\/gitesdewallonie.be\/nl\/#organization"},"potentialAction":[{"@type":"SearchAction","target":{"@type":"EntryPoint","urlTemplate":"https:\/\/gitesdewallonie.be\/nl\/?s={search_term_string}"},"query-input":{"@type":"PropertyValueSpecification","valueRequired":true,"valueName":"search_term_string"}}],"inLanguage":"nl-NL"},{"@type":"Organization","@id":"https:\/\/gitesdewallonie.be\/nl\/#organization","name":"F\u00e9d\u00e9ration des G\u00eetes et Chambres d'h\u00f4tes de Wallonie","alternateName":"GDW","url":"https:\/\/gitesdewallonie.be\/nl\/","logo":{"@type":"ImageObject","inLanguage":"nl-NL","@id":"https:\/\/gitesdewallonie.be\/nl\/#\/schema\/logo\/image\/","url":"https:\/\/gitesdewallonie.be\/wp-content\/uploads\/2024\/08\/logo-gdw.svg","contentUrl":"https:\/\/gitesdewallonie.be\/wp-content\/uploads\/2024\/08\/logo-gdw.svg","caption":"F\u00e9d\u00e9ration des G\u00eetes et Chambres d'h\u00f4tes de Wallonie"},"image":{"@id":"https:\/\/gitesdewallonie.be\/nl\/#\/schema\/logo\/image\/"},"sameAs":["https:\/\/www.facebook.com\/GitesdeWallonie","https:\/\/www.instagram.com\/gitesdewallonie.be\/"]}]}},"_links":{"self":[{"href":"https:\/\/gitesdewallonie.be\/nl\/wp-json\/wp\/v2\/room\/113916","targetHints":{"allow":["GET"]}}],"collection":[{"href":"https:\/\/gitesdewallonie.be\/nl\/wp-json\/wp\/v2\/room"}],"about":[{"href":"https:\/\/gitesdewallonie.be\/nl\/wp-json\/wp\/v2\/types\/room"}],"wp:attachment":[{"href":"https:\/\/gitesdewallonie.be\/nl\/wp-json\/wp\/v2\/media?parent=113916"}],"wp:term":[{"taxonomy":"lodging_external_equipment","embeddable":true,"href":"https:\/\/gitesdewallonie.be\/nl\/wp-json\/wp\/v2\/lodging_external_equipment?post=113916"},{"taxonomy":"lodging_household_appliances","embeddable":true,"href":"https:\/\/gitesdewallonie.be\/nl\/wp-json\/wp\/v2\/lodging_household_appliances?post=113916"},{"taxonomy":"lodging_interior_equipment","embeddable":true,"href":"https:\/\/gitesdewallonie.be\/nl\/wp-json\/wp\/v2\/lodging_interior_equipment?post=113916"},{"taxonomy":"lodging_sport_and_leisure","embeddable":true,"href":"https:\/\/gitesdewallonie.be\/nl\/wp-json\/wp\/v2\/lodging_sport_and_leisure?post=113916"},{"taxonomy":"lodging_type_of_stay","embeddable":true,"href":"https:\/\/gitesdewallonie.be\/nl\/wp-json\/wp\/v2\/lodging_type_of_stay?post=113916"},{"taxonomy":"lodging_adapted_to","embeddable":true,"href":"https:\/\/gitesdewallonie.be\/nl\/wp-json\/wp\/v2\/lodging_adapted_to?post=113916"},{"taxonomy":"lodging_wellness","embeddable":true,"href":"https:\/\/gitesdewallonie.be\/nl\/wp-json\/wp\/v2\/lodging_wellness?post=113916"},{"taxonomy":"lodging_baby","embeddable":true,"href":"https:\/\/gitesdewallonie.be\/nl\/wp-json\/wp\/v2\/lodging_baby?post=113916"},{"taxonomy":"lodging_car_motorcycle_bike","embeddable":true,"href":"https:\/\/gitesdewallonie.be\/nl\/wp-json\/wp\/v2\/lodging_car_motorcycle_bike?post=113916"},{"taxonomy":"lodging_status","embeddable":true,"href":"https:\/\/gitesdewallonie.be\/nl\/wp-json\/wp\/v2\/lodging_status?post=113916"},{"taxonomy":"lodging_other_informations","embeddable":true,"href":"https:\/\/gitesdewallonie.be\/nl\/wp-json\/wp\/v2\/lodging_other_informations?post=113916"},{"taxonomy":"room_host_table","embeddable":true,"href":"https:\/\/gitesdewallonie.be\/nl\/wp-json\/wp\/v2\/room_host_table?post=113916"}],"curies":[{"name":"wp","href":"https:\/\/api.w.org\/{rel}","templated":true}]}}

Côté Jardin

Chambre à l'étage. Un lit pour deux personnes. Une salle de bains privée avec douche italienne, lavabo et toilette. Vue directe sur la vaste jardin et le potager. Vous disposez d'un salon avec TV que vous partagerez avec les hôtes. En été vous pourrez vous prélasser sur la terrasse et profiter du jardin. Prix pour 2 personnes pour 2 nuits petit-déjeuner compris: 160 €.

<p>Kamer op de bovenverdieping. 1 tweepersoonsbed. Minimum boeking voor 2 nachten</p><p>De kamer “Côté Jardin” bevindt zich op de eerste verdieping. Ze is uitgerust met een tweepersoonsbed.
Een eigen badkamer (Italiaanse douche, toilet, wastafel) grenst direct aan de slaapkamer.
U deelt een groot terras met de aangrenzende kamer.
Zoals de naam al doet vermoeden, biedt deze kamer uitzicht op de grote tuin en onze moestuin. We kunnen tuinadvies geven indien u dat wilt.
Florenville, dat is de Semois en we houden van lange wandelingen langs de oevers. Vraag gerust tips.
Op nauwelijks vijfhonderd ligt het bos.
Het bos van Epioux is heel dichtbij.
Als u stil bent, komt u wild tegen en eind september hoort u de herten burlen.
Prijs voor een kamer verhuurd voor twee personen: €130 voor twee nachten, inclusief ontbijt. Degressief tarief vanaf 3 nachten.</p>

<!-- This site is optimized with the Yoast SEO Premium plugin v26.7 (Yoast SEO v26.7) - https://yoast.com/wordpress/plugins/seo/ -->
<title>Côté Jardin - gitesdewallonie.be</title>
<meta name="robots" content="noindex, follow" />
<meta property="og:locale" content="nl_NL" />
<meta property="og:type" content="article" />
<meta property="og:title" content="Côté Jardin" />
<meta property="og:url" content="https://gitesdewallonie.be/nl/blog/room/cote-jardin-6/" />
<meta property="og:site_name" content="gitesdewallonie.be" />
<meta property="article:publisher" content="https://www.facebook.com/GitesdeWallonie" />
<meta name="twitter:card" content="summary_large_image" />
<script type="application/ld+json" class="yoast-schema-graph">{"@context":"https://schema.org","@graph":[{"@type":"WebPage","@id":"https://gitesdewallonie.be/nl/blog/room/cote-jardin-6/","url":"https://gitesdewallonie.be/nl/blog/room/cote-jardin-6/","name":"Côté Jardin - gitesdewallonie.be","isPartOf":{"@id":"https://gitesdewallonie.be/nl/#website"},"datePublished":"2024-08-27T07:18:03+00:00","breadcrumb":{"@id":"https://gitesdewallonie.be/nl/blog/room/cote-jardin-6/#breadcrumb"},"inLanguage":"nl-NL","potentialAction":[{"@type":"ReadAction","target":["https://gitesdewallonie.be/nl/blog/room/cote-jardin-6/"]}]},{"@type":"BreadcrumbList","@id":"https://gitesdewallonie.be/nl/blog/room/cote-jardin-6/#breadcrumb","itemListElement":[{"@type":"ListItem","position":1,"name":"Accueil","item":"https://gitesdewallonie.be/nl/"},{"@type":"ListItem","position":2,"name":"Côté Jardin"}]},{"@type":"WebSite","@id":"https://gitesdewallonie.be/nl/#website","url":"https://gitesdewallonie.be/nl/","name":"Fédération des Gîtes et Chambres d'hôtes de Wallonie","description":"","publisher":{"@id":"https://gitesdewallonie.be/nl/#organization"},"potentialAction":[{"@type":"SearchAction","target":{"@type":"EntryPoint","urlTemplate":"https://gitesdewallonie.be/nl/?s={search_term_string}"},"query-input":{"@type":"PropertyValueSpecification","valueRequired":true,"valueName":"search_term_string"}}],"inLanguage":"nl-NL"},{"@type":"Organization","@id":"https://gitesdewallonie.be/nl/#organization","name":"Fédération des Gîtes et Chambres d'hôtes de Wallonie","alternateName":"GDW","url":"https://gitesdewallonie.be/nl/","logo":{"@type":"ImageObject","inLanguage":"nl-NL","@id":"https://gitesdewallonie.be/nl/#/schema/logo/image/","url":"https://gitesdewallonie.be/wp-content/uploads/2024/08/logo-gdw.svg","contentUrl":"https://gitesdewallonie.be/wp-content/uploads/2024/08/logo-gdw.svg","caption":"Fédération des Gîtes et Chambres d'hôtes de Wallonie"},"image":{"@id":"https://gitesdewallonie.be/nl/#/schema/logo/image/"},"sameAs":["https://www.facebook.com/GitesdeWallonie","https://www.instagram.com/gitesdewallonie.be/"]}]}</script>
<!-- / Yoast SEO Premium plugin. -->

Côté Jardin - gitesdewallonie.be

Fédération des Gîtes et Chambres d'hôtes de Wallonie
