{"id":115664,"date":"2024-10-16T15:33:12","date_gmt":"2024-10-16T13:33:12","guid":{"rendered":"https:\/\/gitesdewallonie.be\/?p=115664"},"modified":"2026-01-29T16:55:08","modified_gmt":"2026-01-29T15:55:08","slug":"mindervaliden-vakantie","status":"publish","type":"theme_holidays","link":"https:\/\/gitesdewallonie.be\/nl\/onze-themaverblijven\/mindervaliden-vakantie\/","title":{"rendered":"Mindervaliden verblijf"},"content":{"rendered":"","protected":false},"featured_media":114920,"template":"","meta":{"lodging_theme_filter_query":"{\"personQty\":{\"adults-qty\":\"0\",\"children-qty\":\"0\",\"babies-qty\":\"0\",\"pets-qty\":\"0\"},\"lodging-label\":[\"access-i\"]}","lodging_theme_filter_query_lodgings":"","lodging_theme_home_title":""},"theme_holidays_category":[9338],"class_list":["post-115664","theme_holidays","type-theme_holidays","status-publish","has-post-thumbnail","hentry","theme_holidays_category-homepage"],"yoast_head":"<!-- This site is optimized with the Yoast SEO Premium plugin v26.7 (Yoast SEO v26.7) - https:\/\/yoast.com\/wordpress\/plugins\/seo\/ -->\n<title>Vakantiehuizen en B&amp;B&#039;s voor personen met beperkte mobiliteit in de Ardennen<\/title>\n<meta name=\"description\" content=\"Vind een vakantiehuis of B&amp;B in de Ardennen dat geschikt is voor personen met beperkte mobiliteit. Comfort, toegankelijkheid en gastvrijheid voor een verblijf zonder beperkingen.\" \/>\n<meta name=\"robots\" content=\"index, follow, max-snippet:-1, max-image-preview:large, max-video-preview:-1\" \/>\n<link rel=\"canonical\" href=\"https:\/\/gitesdewallonie.be\/nl\/onze-themaverblijven\/mindervaliden-vakantie\/\" \/>\n<meta property=\"og:locale\" content=\"nl_NL\" \/>\n<meta property=\"og:type\" content=\"article\" \/>\n<meta property=\"og:title\" content=\"Mindervaliden verblijf\" \/>\n<meta property=\"og:description\" content=\"Vind een vakantiehuis of B&amp;B in de Ardennen dat geschikt is voor personen met beperkte mobiliteit. Comfort, toegankelijkheid en gastvrijheid voor een verblijf zonder beperkingen.\" \/>\n<meta property=\"og:url\" content=\"https:\/\/gitesdewallonie.be\/nl\/onze-themaverblijven\/mindervaliden-vakantie\/\" \/>\n<meta property=\"og:site_name\" content=\"gitesdewallonie.be\" \/>\n<meta property=\"article:publisher\" content=\"https:\/\/www.facebook.com\/GitesdeWallonie\" \/>\n<meta property=\"article:modified_time\" content=\"2026-01-29T15:55:08+00:00\" \/>\n<meta property=\"og:image\" content=\"https:\/\/gitesdewallonie.be\/wp-content\/uploads\/2024\/09\/gites-chambres-dhotes-accessi.jpeg\" \/>\n\t<meta property=\"og:image:width\" content=\"768\" \/>\n\t<meta property=\"og:image:height\" content=\"511\" \/>\n\t<meta property=\"og:image:type\" content=\"image\/jpeg\" \/>\n<meta name=\"twitter:card\" content=\"summary_large_image\" \/>\n<meta name=\"twitter:label1\" content=\"Est. reading time\" \/>\n\t<meta name=\"twitter:data1\" content=\"1 minute\" \/>\n<script type=\"application\/ld+json\" class=\"yoast-schema-graph\">{\"@context\":\"https:\/\/schema.org\",\"@graph\":[{\"@type\":\"WebPage\",\"@id\":\"https:\/\/gitesdewallonie.be\/nl\/onze-themaverblijven\/mindervaliden-vakantie\/\",\"url\":\"https:\/\/gitesdewallonie.be\/nl\/onze-themaverblijven\/mindervaliden-vakantie\/\",\"name\":\"Vakantiehuizen en B&B's voor personen met beperkte mobiliteit in de Ardennen\",\"isPartOf\":{\"@id\":\"https:\/\/gitesdewallonie.be\/nl\/#website\"},\"primaryImageOfPage\":{\"@id\":\"https:\/\/gitesdewallonie.be\/nl\/onze-themaverblijven\/mindervaliden-vakantie\/#primaryimage\"},\"image\":{\"@id\":\"https:\/\/gitesdewallonie.be\/nl\/onze-themaverblijven\/mindervaliden-vakantie\/#primaryimage\"},\"thumbnailUrl\":\"https:\/\/gitesdewallonie.be\/wp-content\/uploads\/2024\/09\/gites-chambres-dhotes-accessi.jpeg\",\"datePublished\":\"2024-10-16T13:33:12+00:00\",\"dateModified\":\"2026-01-29T15:55:08+00:00\",\"description\":\"Vind een vakantiehuis of B&B in de Ardennen dat geschikt is voor personen met beperkte mobiliteit. Comfort, toegankelijkheid en gastvrijheid voor een verblijf zonder beperkingen.\",\"breadcrumb\":{\"@id\":\"https:\/\/gitesdewallonie.be\/nl\/onze-themaverblijven\/mindervaliden-vakantie\/#breadcrumb\"},\"inLanguage\":\"nl-NL\",\"potentialAction\":[{\"@type\":\"ReadAction\",\"target\":[\"https:\/\/gitesdewallonie.be\/nl\/onze-themaverblijven\/mindervaliden-vakantie\/\"]}]},{\"@type\":\"ImageObject\",\"inLanguage\":\"nl-NL\",\"@id\":\"https:\/\/gitesdewallonie.be\/nl\/onze-themaverblijven\/mindervaliden-vakantie\/#primaryimage\",\"url\":\"https:\/\/gitesdewallonie.be\/wp-content\/uploads\/2024\/09\/gites-chambres-dhotes-accessi.jpeg\",\"contentUrl\":\"https:\/\/gitesdewallonie.be\/wp-content\/uploads\/2024\/09\/gites-chambres-dhotes-accessi.jpeg\",\"width\":768,\"height\":511},{\"@type\":\"BreadcrumbList\",\"@id\":\"https:\/\/gitesdewallonie.be\/nl\/onze-themaverblijven\/mindervaliden-vakantie\/#breadcrumb\",\"itemListElement\":[{\"@type\":\"ListItem\",\"position\":1,\"name\":\"Accueil\",\"item\":\"https:\/\/gitesdewallonie.be\/nl\/\"},{\"@type\":\"ListItem\",\"position\":2,\"name\":\"Themaverblijven\",\"item\":\"https:\/\/gitesdewallonie.be\/nl\/onze-themaverblijven\/\"},{\"@type\":\"ListItem\",\"position\":3,\"name\":\"Mindervaliden verblijf\"}]},{\"@type\":\"WebSite\",\"@id\":\"https:\/\/gitesdewallonie.be\/nl\/#website\",\"url\":\"https:\/\/gitesdewallonie.be\/nl\/\",\"name\":\"F\u00e9d\u00e9ration des G\u00eetes et Chambres d'h\u00f4tes de Wallonie\",\"description\":\"\",\"publisher\":{\"@id\":\"https:\/\/gitesdewallonie.be\/nl\/#organization\"},\"potentialAction\":[{\"@type\":\"SearchAction\",\"target\":{\"@type\":\"EntryPoint\",\"urlTemplate\":\"https:\/\/gitesdewallonie.be\/nl\/?s={search_term_string}\"},\"query-input\":{\"@type\":\"PropertyValueSpecification\",\"valueRequired\":true,\"valueName\":\"search_term_string\"}}],\"inLanguage\":\"nl-NL\"},{\"@type\":\"Organization\",\"@id\":\"https:\/\/gitesdewallonie.be\/nl\/#organization\",\"name\":\"F\u00e9d\u00e9ration des G\u00eetes et Chambres d'h\u00f4tes de Wallonie\",\"alternateName\":\"GDW\",\"url\":\"https:\/\/gitesdewallonie.be\/nl\/\",\"logo\":{\"@type\":\"ImageObject\",\"inLanguage\":\"nl-NL\",\"@id\":\"https:\/\/gitesdewallonie.be\/nl\/#\/schema\/logo\/image\/\",\"url\":\"https:\/\/gitesdewallonie.be\/wp-content\/uploads\/2024\/08\/logo-gdw.svg\",\"contentUrl\":\"https:\/\/gitesdewallonie.be\/wp-content\/uploads\/2024\/08\/logo-gdw.svg\",\"caption\":\"F\u00e9d\u00e9ration des G\u00eetes et Chambres d'h\u00f4tes de Wallonie\"},\"image\":{\"@id\":\"https:\/\/gitesdewallonie.be\/nl\/#\/schema\/logo\/image\/\"},\"sameAs\":[\"https:\/\/www.facebook.com\/GitesdeWallonie\",\"https:\/\/www.instagram.com\/gitesdewallonie.be\/\"]}]}<\/script>\n<!-- \/ Yoast SEO Premium plugin. -->","yoast_head_json":{"title":"Vakantiehuizen en B&B's voor personen met beperkte mobiliteit in de Ardennen","description":"Vind een vakantiehuis of B&B in de Ardennen dat geschikt is voor personen met beperkte mobiliteit. Comfort, toegankelijkheid en gastvrijheid voor een verblijf zonder beperkingen.","robots":{"index":"index","follow":"follow","max-snippet":"max-snippet:-1","max-image-preview":"max-image-preview:large","max-video-preview":"max-video-preview:-1"},"canonical":"https:\/\/gitesdewallonie.be\/nl\/onze-themaverblijven\/mindervaliden-vakantie\/","og_locale":"nl_NL","og_type":"article","og_title":"Mindervaliden verblijf","og_description":"Vind een vakantiehuis of B&B in de Ardennen dat geschikt is voor personen met beperkte mobiliteit. Comfort, toegankelijkheid en gastvrijheid voor een verblijf zonder beperkingen.","og_url":"https:\/\/gitesdewallonie.be\/nl\/onze-themaverblijven\/mindervaliden-vakantie\/","og_site_name":"gitesdewallonie.be","article_publisher":"https:\/\/www.facebook.com\/GitesdeWallonie","article_modified_time":"2026-01-29T15:55:08+00:00","og_image":[{"width":768,"height":511,"url":"https:\/\/gitesdewallonie.be\/wp-content\/uploads\/2024\/09\/gites-chambres-dhotes-accessi.jpeg","type":"image\/jpeg"}],"twitter_card":"summary_large_image","twitter_misc":{"Est. reading time":"1 minute"},"schema":{"@context":"https:\/\/schema.org","@graph":[{"@type":"WebPage","@id":"https:\/\/gitesdewallonie.be\/nl\/onze-themaverblijven\/mindervaliden-vakantie\/","url":"https:\/\/gitesdewallonie.be\/nl\/onze-themaverblijven\/mindervaliden-vakantie\/","name":"Vakantiehuizen en B&B's voor personen met beperkte mobiliteit in de Ardennen","isPartOf":{"@id":"https:\/\/gitesdewallonie.be\/nl\/#website"},"primaryImageOfPage":{"@id":"https:\/\/gitesdewallonie.be\/nl\/onze-themaverblijven\/mindervaliden-vakantie\/#primaryimage"},"image":{"@id":"https:\/\/gitesdewallonie.be\/nl\/onze-themaverblijven\/mindervaliden-vakantie\/#primaryimage"},"thumbnailUrl":"https:\/\/gitesdewallonie.be\/wp-content\/uploads\/2024\/09\/gites-chambres-dhotes-accessi.jpeg","datePublished":"2024-10-16T13:33:12+00:00","dateModified":"2026-01-29T15:55:08+00:00","description":"Vind een vakantiehuis of B&B in de Ardennen dat geschikt is voor personen met beperkte mobiliteit. Comfort, toegankelijkheid en gastvrijheid voor een verblijf zonder beperkingen.","breadcrumb":{"@id":"https:\/\/gitesdewallonie.be\/nl\/onze-themaverblijven\/mindervaliden-vakantie\/#breadcrumb"},"inLanguage":"nl-NL","potentialAction":[{"@type":"ReadAction","target":["https:\/\/gitesdewallonie.be\/nl\/onze-themaverblijven\/mindervaliden-vakantie\/"]}]},{"@type":"ImageObject","inLanguage":"nl-NL","@id":"https:\/\/gitesdewallonie.be\/nl\/onze-themaverblijven\/mindervaliden-vakantie\/#primaryimage","url":"https:\/\/gitesdewallonie.be\/wp-content\/uploads\/2024\/09\/gites-chambres-dhotes-accessi.jpeg","contentUrl":"https:\/\/gitesdewallonie.be\/wp-content\/uploads\/2024\/09\/gites-chambres-dhotes-accessi.jpeg","width":768,"height":511},{"@type":"BreadcrumbList","@id":"https:\/\/gitesdewallonie.be\/nl\/onze-themaverblijven\/mindervaliden-vakantie\/#breadcrumb","itemListElement":[{"@type":"ListItem","position":1,"name":"Accueil","item":"https:\/\/gitesdewallonie.be\/nl\/"},{"@type":"ListItem","position":2,"name":"Themaverblijven","item":"https:\/\/gitesdewallonie.be\/nl\/onze-themaverblijven\/"},{"@type":"ListItem","position":3,"name":"Mindervaliden verblijf"}]},{"@type":"WebSite","@id":"https:\/\/gitesdewallonie.be\/nl\/#website","url":"https:\/\/gitesdewallonie.be\/nl\/","name":"F\u00e9d\u00e9ration des G\u00eetes et Chambres d'h\u00f4tes de Wallonie","description":"","publisher":{"@id":"https:\/\/gitesdewallonie.be\/nl\/#organization"},"potentialAction":[{"@type":"SearchAction","target":{"@type":"EntryPoint","urlTemplate":"https:\/\/gitesdewallonie.be\/nl\/?s={search_term_string}"},"query-input":{"@type":"PropertyValueSpecification","valueRequired":true,"valueName":"search_term_string"}}],"inLanguage":"nl-NL"},{"@type":"Organization","@id":"https:\/\/gitesdewallonie.be\/nl\/#organization","name":"F\u00e9d\u00e9ration des G\u00eetes et Chambres d'h\u00f4tes de Wallonie","alternateName":"GDW","url":"https:\/\/gitesdewallonie.be\/nl\/","logo":{"@type":"ImageObject","inLanguage":"nl-NL","@id":"https:\/\/gitesdewallonie.be\/nl\/#\/schema\/logo\/image\/","url":"https:\/\/gitesdewallonie.be\/wp-content\/uploads\/2024\/08\/logo-gdw.svg","contentUrl":"https:\/\/gitesdewallonie.be\/wp-content\/uploads\/2024\/08\/logo-gdw.svg","caption":"F\u00e9d\u00e9ration des G\u00eetes et Chambres d'h\u00f4tes de Wallonie"},"image":{"@id":"https:\/\/gitesdewallonie.be\/nl\/#\/schema\/logo\/image\/"},"sameAs":["https:\/\/www.facebook.com\/GitesdeWallonie","https:\/\/www.instagram.com\/gitesdewallonie.be\/"]}]}},"_links":{"self":[{"href":"https:\/\/gitesdewallonie.be\/nl\/wp-json\/wp\/v2\/theme_holidays\/115664","targetHints":{"allow":["GET"]}}],"collection":[{"href":"https:\/\/gitesdewallonie.be\/nl\/wp-json\/wp\/v2\/theme_holidays"}],"about":[{"href":"https:\/\/gitesdewallonie.be\/nl\/wp-json\/wp\/v2\/types\/theme_holidays"}],"wp:featuredmedia":[{"embeddable":true,"href":"https:\/\/gitesdewallonie.be\/nl\/wp-json\/wp\/v2\/media\/114920"}],"wp:attachment":[{"href":"https:\/\/gitesdewallonie.be\/nl\/wp-json\/wp\/v2\/media?parent=115664"}],"wp:term":[{"taxonomy":"theme_holidays_category","embeddable":true,"href":"https:\/\/gitesdewallonie.be\/nl\/wp-json\/wp\/v2\/theme_holidays_category?post=115664"}],"curies":[{"name":"wp","href":"https:\/\/api.w.org\/{rel}","templated":true}]}}

<!-- This site is optimized with the Yoast SEO Premium plugin v26.7 (Yoast SEO v26.7) - https://yoast.com/wordpress/plugins/seo/ -->
<title>Vakantiehuizen en B&amp;B&#039;s voor personen met beperkte mobiliteit in de Ardennen</title>
<meta name="description" content="Vind een vakantiehuis of B&amp;B in de Ardennen dat geschikt is voor personen met beperkte mobiliteit. Comfort, toegankelijkheid en gastvrijheid voor een verblijf zonder beperkingen." />
<meta name="robots" content="index, follow, max-snippet:-1, max-image-preview:large, max-video-preview:-1" />
<link rel="canonical" href="https://gitesdewallonie.be/nl/onze-themaverblijven/mindervaliden-vakantie/" />
<meta property="og:locale" content="nl_NL" />
<meta property="og:type" content="article" />
<meta property="og:title" content="Mindervaliden verblijf" />
<meta property="og:description" content="Vind een vakantiehuis of B&amp;B in de Ardennen dat geschikt is voor personen met beperkte mobiliteit. Comfort, toegankelijkheid en gastvrijheid voor een verblijf zonder beperkingen." />
<meta property="og:url" content="https://gitesdewallonie.be/nl/onze-themaverblijven/mindervaliden-vakantie/" />
<meta property="og:site_name" content="gitesdewallonie.be" />
<meta property="article:publisher" content="https://www.facebook.com/GitesdeWallonie" />
<meta property="article:modified_time" content="2026-01-29T15:55:08+00:00" />
<meta property="og:image" content="https://gitesdewallonie.be/wp-content/uploads/2024/09/gites-chambres-dhotes-accessi.jpeg" />
	<meta property="og:image:width" content="768" />
	<meta property="og:image:height" content="511" />
	<meta property="og:image:type" content="image/jpeg" />
<meta name="twitter:card" content="summary_large_image" />
<meta name="twitter:label1" content="Est. reading time" />
	<meta name="twitter:data1" content="1 minute" />
<script type="application/ld+json" class="yoast-schema-graph">{"@context":"https://schema.org","@graph":[{"@type":"WebPage","@id":"https://gitesdewallonie.be/nl/onze-themaverblijven/mindervaliden-vakantie/","url":"https://gitesdewallonie.be/nl/onze-themaverblijven/mindervaliden-vakantie/","name":"Vakantiehuizen en B&B's voor personen met beperkte mobiliteit in de Ardennen","isPartOf":{"@id":"https://gitesdewallonie.be/nl/#website"},"primaryImageOfPage":{"@id":"https://gitesdewallonie.be/nl/onze-themaverblijven/mindervaliden-vakantie/#primaryimage"},"image":{"@id":"https://gitesdewallonie.be/nl/onze-themaverblijven/mindervaliden-vakantie/#primaryimage"},"thumbnailUrl":"https://gitesdewallonie.be/wp-content/uploads/2024/09/gites-chambres-dhotes-accessi.jpeg","datePublished":"2024-10-16T13:33:12+00:00","dateModified":"2026-01-29T15:55:08+00:00","description":"Vind een vakantiehuis of B&B in de Ardennen dat geschikt is voor personen met beperkte mobiliteit. Comfort, toegankelijkheid en gastvrijheid voor een verblijf zonder beperkingen.","breadcrumb":{"@id":"https://gitesdewallonie.be/nl/onze-themaverblijven/mindervaliden-vakantie/#breadcrumb"},"inLanguage":"nl-NL","potentialAction":[{"@type":"ReadAction","target":["https://gitesdewallonie.be/nl/onze-themaverblijven/mindervaliden-vakantie/"]}]},{"@type":"ImageObject","inLanguage":"nl-NL","@id":"https://gitesdewallonie.be/nl/onze-themaverblijven/mindervaliden-vakantie/#primaryimage","url":"https://gitesdewallonie.be/wp-content/uploads/2024/09/gites-chambres-dhotes-accessi.jpeg","contentUrl":"https://gitesdewallonie.be/wp-content/uploads/2024/09/gites-chambres-dhotes-accessi.jpeg","width":768,"height":511},{"@type":"BreadcrumbList","@id":"https://gitesdewallonie.be/nl/onze-themaverblijven/mindervaliden-vakantie/#breadcrumb","itemListElement":[{"@type":"ListItem","position":1,"name":"Accueil","item":"https://gitesdewallonie.be/nl/"},{"@type":"ListItem","position":2,"name":"Themaverblijven","item":"https://gitesdewallonie.be/nl/onze-themaverblijven/"},{"@type":"ListItem","position":3,"name":"Mindervaliden verblijf"}]},{"@type":"WebSite","@id":"https://gitesdewallonie.be/nl/#website","url":"https://gitesdewallonie.be/nl/","name":"Fédération des Gîtes et Chambres d'hôtes de Wallonie","description":"","publisher":{"@id":"https://gitesdewallonie.be/nl/#organization"},"potentialAction":[{"@type":"SearchAction","target":{"@type":"EntryPoint","urlTemplate":"https://gitesdewallonie.be/nl/?s={search_term_string}"},"query-input":{"@type":"PropertyValueSpecification","valueRequired":true,"valueName":"search_term_string"}}],"inLanguage":"nl-NL"},{"@type":"Organization","@id":"https://gitesdewallonie.be/nl/#organization","name":"Fédération des Gîtes et Chambres d'hôtes de Wallonie","alternateName":"GDW","url":"https://gitesdewallonie.be/nl/","logo":{"@type":"ImageObject","inLanguage":"nl-NL","@id":"https://gitesdewallonie.be/nl/#/schema/logo/image/","url":"https://gitesdewallonie.be/wp-content/uploads/2024/08/logo-gdw.svg","contentUrl":"https://gitesdewallonie.be/wp-content/uploads/2024/08/logo-gdw.svg","caption":"Fédération des Gîtes et Chambres d'hôtes de Wallonie"},"image":{"@id":"https://gitesdewallonie.be/nl/#/schema/logo/image/"},"sameAs":["https://www.facebook.com/GitesdeWallonie","https://www.instagram.com/gitesdewallonie.be/"]}]}</script>
<!-- / Yoast SEO Premium plugin. -->

Fédération des Gîtes et Chambres d'hôtes de Wallonie
